Last updated on 2025-05-07 01:49:57 CEST.
Flavor | Version | Tinstall | Tcheck | Ttotal | Status | Flags |
---|---|---|---|---|---|---|
r-devel-linux-x86_64-debian-clang | 1.1.0 | 44.80 | 290.24 | 335.04 | NOTE | |
r-devel-linux-x86_64-debian-gcc | 1.1.0 | 29.70 | 186.02 | 215.72 | NOTE | |
r-devel-linux-x86_64-fedora-clang | 1.1.0 | 544.73 | OK | |||
r-devel-linux-x86_64-fedora-gcc | 1.1.0 | 571.76 | OK | |||
r-devel-windows-x86_64 | 1.1.0 | 47.00 | 269.00 | 316.00 | OK | |
r-patched-linux-x86_64 | 1.1.0 | 40.99 | 278.09 | 319.08 | OK | |
r-release-linux-x86_64 | 1.1.0 | 41.58 | 272.03 | 313.61 | OK | |
r-release-macos-arm64 | 1.1.0 | 147.00 | OK | |||
r-release-macos-x86_64 | 1.1.0 | 255.00 | OK | |||
r-release-windows-x86_64 | 1.1.0 | 47.00 | 265.00 | 312.00 | OK | |
r-oldrel-macos-arm64 | 1.1.0 | 118.00 | OK | |||
r-oldrel-macos-x86_64 | 1.1.0 | 187.00 | OK | |||
r-oldrel-windows-x86_64 | 1.1.0 | 57.00 | 359.00 | 416.00 | OK |
Version: 1.1.0
Check: CRAN incoming feasibility
Result: NOTE
Maintainer: ‘Annie C. Smith <annie.smith@dnr.wa.gov>’
No Authors@R field in DESCRIPTION.
Please add one, modifying
Authors@R: c(person(given = c("Annie", "C."),
family = "Smith",
role = c("aut", "cre"),
email = "annie.smith@dnr.wa.gov"),
person(given = "Phoebe",
family = "Zarnetske",
role = "aut"),
person(given = "Kyla",
family = "Dahlin",
role = "aut"),
person(given = "Adam",
family = "Wilson",
role = "aut"),
person(given = "Andrew",
family = "Latimer",
role = "aut"))
as necessary.
Flavors: r-devel-linux-x86_64-debian-clang, r-devel-linux-x86_64-debian-gcc