Last updated on 2025-11-02 02:50:45 CET.
| Flavor | Version | Tinstall | Tcheck | Ttotal | Status | Flags |
|---|---|---|---|---|---|---|
| r-devel-linux-x86_64-debian-clang | 0.2.0 | 39.85 | 326.17 | 366.02 | OK | |
| r-devel-linux-x86_64-debian-gcc | 0.2.0 | 27.14 | 215.06 | 242.20 | OK | |
| r-devel-linux-x86_64-fedora-clang | 0.2.0 | 75.00 | 328.12 | 403.12 | NOTE | |
| r-devel-linux-x86_64-fedora-gcc | 0.2.0 | 106.00 | 475.20 | 581.20 | NOTE | |
| r-devel-windows-x86_64 | 0.2.0 | 30.00 | 218.00 | 248.00 | OK | |
| r-patched-linux-x86_64 | 0.2.0 | 36.78 | 307.99 | 344.77 | OK | |
| r-release-linux-x86_64 | 0.2.0 | 34.37 | 305.58 | 339.95 | OK | |
| r-release-macos-arm64 | 0.2.0 | 15.00 | 104.00 | 119.00 | OK | |
| r-release-macos-x86_64 | 0.2.0 | 22.00 | 218.00 | 240.00 | OK | |
| r-release-windows-x86_64 | 0.2.0 | 28.00 | 199.00 | 227.00 | OK | |
| r-oldrel-macos-arm64 | 0.2.0 | 11.00 | 109.00 | 120.00 | OK | |
| r-oldrel-macos-x86_64 | 0.2.0 | 48.00 | 315.00 | 363.00 | OK | |
| r-oldrel-windows-x86_64 | 0.2.0 | 45.00 | 339.00 | 384.00 | WARN |
Version: 0.2.0
Check: dependencies in R code
Result: NOTE
Namespace in Imports field not imported from: ‘luz’
All declared Imports should be used.
Flavors: r-devel-linux-x86_64-fedora-clang, r-devel-linux-x86_64-fedora-gcc
Version: 0.2.0
Check: whether package can be installed
Result: WARN
Found the following significant warnings:
Warning: Torch libraries are installed but loading them caused a segfault.
Flavor: r-oldrel-windows-x86_64