Last updated on 2024-04-23 01:57:00 CEST.
Flavor | Version | Tinstall | Tcheck | Ttotal | Status | Flags |
---|---|---|---|---|---|---|
r-devel-linux-x86_64-debian-clang | 1.0.15 | 8.69 | 210.25 | 218.94 | OK | |
r-devel-linux-x86_64-debian-gcc | 1.0.15 | 7.62 | 156.26 | 163.88 | OK | |
r-devel-linux-x86_64-fedora-clang | 1.0.15 | 270.35 | NOTE | |||
r-devel-linux-x86_64-fedora-gcc | 1.0.15 | 278.35 | NOTE | |||
r-prerel-macos-arm64 | 1.0.15 | 114.00 | OK | |||
r-prerel-macos-x86_64 | 1.0.15 | 228.00 | OK | |||
r-prerel-windows-x86_64 | 1.0.15 | 14.00 | 246.00 | 260.00 | OK | |
r-patched-linux-x86_64 | 1.0.15 | 11.48 | 202.50 | 213.98 | OK | |
r-release-linux-x86_64 | 1.0.15 | 8.97 | 199.22 | 208.19 | OK | |
r-release-macos-arm64 | 1.0.15 | 120.00 | OK | |||
r-release-macos-x86_64 | 1.0.15 | 213.00 | OK | |||
r-release-windows-x86_64 | 1.0.15 | 15.00 | 251.00 | 266.00 | OK | |
r-oldrel-macos-arm64 | 1.0.15 | 122.00 | OK | |||
r-oldrel-windows-x86_64 | 1.0.15 | 17.00 | 239.00 | 256.00 | OK |
Version: 1.0.15
Check: data for non-ASCII characters
Result: NOTE
Note: found 99755 marked UTF-8 strings
Flavors: r-devel-linux-x86_64-fedora-clang, r-devel-linux-x86_64-fedora-gcc