Last updated on 2024-08-16 01:48:19 CEST.
Flavor | Version | Tinstall | Tcheck | Ttotal | Status | Flags |
---|---|---|---|---|---|---|
r-devel-linux-x86_64-debian-clang | 2.0.1 | 3.80 | 78.32 | 82.12 | OK | |
r-devel-linux-x86_64-debian-gcc | 2.0.1 | 2.52 | 55.33 | 57.85 | OK | |
r-devel-linux-x86_64-fedora-clang | 2.0.1 | 126.89 | NOTE | |||
r-devel-linux-x86_64-fedora-gcc | 2.0.1 | 132.48 | OK | |||
r-devel-windows-x86_64 | 2.0.1 | 5.00 | 125.00 | 130.00 | NOTE | |
r-patched-linux-x86_64 | 2.0.1 | 3.99 | 73.99 | 77.98 | OK | |
r-release-linux-x86_64 | 2.0.1 | 3.56 | 73.83 | 77.39 | OK | |
r-release-macos-arm64 | 2.0.1 | 66.00 | NOTE | |||
r-release-macos-x86_64 | 2.0.1 | 79.00 | NOTE | |||
r-release-windows-x86_64 | 2.0.1 | 6.00 | 133.00 | 139.00 | NOTE | |
r-oldrel-macos-arm64 | 2.0.1 | 53.00 | NOTE | |||
r-oldrel-macos-x86_64 | 2.0.1 | 124.00 | NOTE | |||
r-oldrel-windows-x86_64 | 2.0.1 | 7.00 | 139.00 | 146.00 | NOTE |
Version: 2.0.1
Check: installed package size
Result: NOTE
installed size is 6.8Mb
sub-directories of 1Mb or more:
doc 2.1Mb
extdata 3.5Mb
Flavors: r-devel-linux-x86_64-fedora-clang, r-devel-windows-x86_64, r-release-macos-arm64, r-release-macos-x86_64, r-release-windows-x86_64, r-oldrel-macos-arm64, r-oldrel-macos-x86_64, r-oldrel-windows-x86_64