Last updated on 2024-03-29 01:51:06 CET.
Flavor | Version | Tinstall | Tcheck | Ttotal | Status | Flags |
---|---|---|---|---|---|---|
r-devel-linux-x86_64-debian-clang | 0.7-1 | 240.05 | 490.52 | 730.57 | NOTE | |
r-devel-linux-x86_64-debian-gcc | 0.7-1 | 211.38 | 348.83 | 560.21 | NOTE | |
r-devel-linux-x86_64-fedora-clang | 0.7-1 | 952.94 | NOTE | |||
r-devel-linux-x86_64-fedora-gcc | 0.7-1 | 924.93 | NOTE | |||
r-devel-windows-x86_64 | 0.7-1 | 222.00 | 481.00 | 703.00 | NOTE | |
r-patched-linux-x86_64 | 0.7-1 | 209.78 | 472.89 | 682.67 | NOTE | |
r-release-linux-x86_64 | 0.7-1 | 172.47 | 476.40 | 648.87 | OK | |
r-release-macos-arm64 | 0.7-1 | 320.00 | NOTE | |||
r-release-macos-x86_64 | 0.7-1 | 481.00 | NOTE | |||
r-release-windows-x86_64 | 0.7-1 | 284.00 | 613.00 | 897.00 | NOTE | |
r-oldrel-macos-arm64 | 0.7-1 | 218.00 | NOTE | |||
r-oldrel-windows-x86_64 | 0.7-1 | 307.00 | 502.00 | 809.00 | NOTE |
Version: 0.7-1
Check: Rd files
Result: NOTE
checkRd: (-1) GMLVerticalCRS.Rd:39: Lost braces
39 | \item{\code{verticalDatum}}{[code{GMLVerticalDatum}]}
| ^
Flavors: r-devel-linux-x86_64-debian-clang, r-devel-linux-x86_64-debian-gcc, r-devel-linux-x86_64-fedora-clang, r-devel-linux-x86_64-fedora-gcc, r-devel-windows-x86_64, r-patched-linux-x86_64
Version: 0.7-1
Check: installed package size
Result: NOTE
installed size is 14.8Mb
sub-directories of 1Mb or more:
R 9.5Mb
extdata 2.6Mb
help 2.6Mb
Flavors: r-devel-linux-x86_64-fedora-clang, r-devel-windows-x86_64, r-release-macos-arm64, r-release-macos-x86_64, r-release-windows-x86_64, r-oldrel-macos-arm64, r-oldrel-windows-x86_64