Last updated on 2024-08-16 01:48:19 CEST.
Flavor | Version | Tinstall | Tcheck | Ttotal | Status | Flags |
---|---|---|---|---|---|---|
r-devel-linux-x86_64-debian-clang | 0.7-2 | 27.43 | 170.99 | 198.42 | NOTE | |
r-devel-linux-x86_64-debian-gcc | 0.7-2 | 17.28 | 112.67 | 129.95 | NOTE | |
r-devel-linux-x86_64-fedora-clang | 0.7-2 | 319.17 | OK | |||
r-devel-linux-x86_64-fedora-gcc | 0.7-2 | 299.95 | OK | |||
r-devel-windows-x86_64 | 0.7-2 | 30.00 | 212.00 | 242.00 | NOTE | |
r-patched-linux-x86_64 | 0.7-2 | 34.76 | 162.03 | 196.79 | OK | |
r-release-linux-x86_64 | 0.7-2 | 25.54 | 161.40 | 186.94 | OK | |
r-release-macos-arm64 | 0.7-2 | 171.00 | OK | |||
r-release-macos-x86_64 | 0.7-2 | 236.00 | OK | |||
r-release-windows-x86_64 | 0.7-2 | 30.00 | 198.00 | 228.00 | OK | |
r-oldrel-macos-arm64 | 0.7-2 | 155.00 | OK | |||
r-oldrel-macos-x86_64 | 0.7-2 | 326.00 | OK | |||
r-oldrel-windows-x86_64 | 0.7-2 | 42.00 | 319.00 | 361.00 | OK |
Version: 0.7-2
Check: Rd cross-references
Result: NOTE
Found the following Rd file(s) with Rd \link{} targets missing package
anchors:
GNAbstractManager.Rd: R6Class
GNLegacyAPIManager.Rd: R6Class, XMLInternalNode-class
GNManager.Rd: R6Class
GNOpenAPIManager.Rd: R6Class, XMLInternalNode-class
GNPrivConfiguration.Rd: R6Class
GNRESTRequest.Rd: R6Class
GNUtils.Rd: R6Class
GNVersion.Rd: R6Class
Please provide package anchors for all Rd \link{} targets not in the
package itself and the base packages.
Flavors: r-devel-linux-x86_64-debian-clang, r-devel-linux-x86_64-debian-gcc, r-devel-windows-x86_64