Last updated on 2025-05-05 01:50:48 CEST.
Flavor | Version | Tinstall | Tcheck | Ttotal | Status | Flags |
---|---|---|---|---|---|---|
r-devel-linux-x86_64-debian-clang | 0.1.1 | 2.08 | 30.60 | 32.68 | NOTE | |
r-devel-linux-x86_64-debian-gcc | 0.1.1 | 1.52 | 23.00 | 24.52 | NOTE | |
r-devel-linux-x86_64-fedora-clang | 0.1.1 | 53.14 | OK | |||
r-devel-linux-x86_64-fedora-gcc | 0.1.1 | 51.25 | OK | |||
r-devel-windows-x86_64 | 0.1.1 | 3.00 | 51.00 | 54.00 | OK | |
r-patched-linux-x86_64 | 0.1.1 | 1.99 | 29.76 | 31.75 | OK | |
r-release-linux-x86_64 | 0.1.1 | 1.89 | 29.53 | 31.42 | OK | |
r-release-macos-arm64 | 0.1.1 | 20.00 | OK | |||
r-release-macos-x86_64 | 0.1.1 | 35.00 | OK | |||
r-release-windows-x86_64 | 0.1.1 | 3.00 | 51.00 | 54.00 | OK | |
r-oldrel-macos-arm64 | 0.1.1 | 17.00 | NOTE | |||
r-oldrel-macos-x86_64 | 0.1.1 | 30.00 | NOTE | |||
r-oldrel-windows-x86_64 | 0.1.1 | 3.00 | 61.00 | 64.00 | NOTE |
Version: 0.1.1
Check: CRAN incoming feasibility
Result: NOTE
Maintainer: ‘Shant Sukljian <asshtnt@gmail.com>’
No Authors@R field in DESCRIPTION.
Please add one, modifying
Authors@R: person(given = "Shant",
family = "Sukljian",
role = c("aut", "cre"),
email = "asshtnt@gmail.com")
as necessary.
Flavors: r-devel-linux-x86_64-debian-clang, r-devel-linux-x86_64-debian-gcc
Version: 0.1.1
Check: LazyData
Result: NOTE
'LazyData' is specified without a 'data' directory
Flavors: r-oldrel-macos-arm64, r-oldrel-macos-x86_64, r-oldrel-windows-x86_64