CRAN Package Check Results for Package geospacom

Last updated on 2019-11-21 03:50:33 CET.

Flavor Version Tinstall Tcheck Ttotal Status Flags
r-devel-linux-x86_64-debian-clang 0.5-8 4.24 37.12 41.36 NOTE
r-devel-linux-x86_64-debian-gcc 0.5-8 3.66 31.45 35.11 NOTE
r-devel-linux-x86_64-fedora-clang 0.5-8 49.11 NOTE
r-devel-linux-x86_64-fedora-gcc 0.5-8 48.49 NOTE
r-devel-windows-ix86+x86_64 0.5-8 24.00 108.00 132.00 NOTE
r-devel-windows-ix86+x86_64-gcc8 0.5-8 20.00 74.00 94.00 NOTE
r-patched-linux-x86_64 0.5-8 3.68 35.69 39.37 NOTE
r-patched-solaris-x86 0.5-8 82.50 NOTE
r-release-linux-x86_64 0.5-8 3.95 35.23 39.18 NOTE
r-release-windows-ix86+x86_64 0.5-8 21.00 87.00 108.00 NOTE
r-release-osx-x86_64 0.5-8 NOTE
r-oldrel-windows-ix86+x86_64 0.5-8 9.00 82.00 91.00 NOTE
r-oldrel-osx-x86_64 0.5-8 NOTE

Check Details

Version: 0.5-8
Check: DESCRIPTION meta-information
Result: NOTE
    Malformed Description field: should contain one or more complete sentences.
Flavors: r-devel-linux-x86_64-debian-clang, r-devel-linux-x86_64-debian-gcc, r-devel-linux-x86_64-fedora-clang, r-devel-linux-x86_64-fedora-gcc, r-devel-windows-ix86+x86_64, r-devel-windows-ix86+x86_64-gcc8, r-patched-linux-x86_64, r-patched-solaris-x86, r-release-linux-x86_64, r-release-windows-ix86+x86_64, r-release-osx-x86_64, r-oldrel-windows-ix86+x86_64, r-oldrel-osx-x86_64

Version: 0.5-8
Check: R code for possible problems
Result: NOTE
    ImagePoly: no visible global function definition for 'plot'
    performSinglePlot: no visible global function definition for
     'heat.colors'
    Undefined global functions or variables:
     heat.colors plot
    Consider adding
     importFrom("grDevices", "heat.colors")
     importFrom("graphics", "plot")
    to your NAMESPACE file.
Flavors: r-devel-linux-x86_64-debian-clang, r-devel-linux-x86_64-debian-gcc, r-devel-linux-x86_64-fedora-clang, r-devel-linux-x86_64-fedora-gcc, r-devel-windows-ix86+x86_64, r-devel-windows-ix86+x86_64-gcc8, r-patched-linux-x86_64, r-patched-solaris-x86, r-release-linux-x86_64, r-release-windows-ix86+x86_64, r-release-osx-x86_64, r-oldrel-windows-ix86+x86_64, r-oldrel-osx-x86_64