Last updated on 2022-05-17 02:53:10 CEST.
Flavor | Version | Tinstall | Tcheck | Ttotal | Status | Flags |
---|---|---|---|---|---|---|
r-devel-linux-x86_64-debian-clang | 0.3.1 | 7.47 | 74.22 | 81.69 | NOTE | |
r-devel-linux-x86_64-debian-gcc | 0.3.1 | 6.19 | 55.30 | 61.49 | NOTE | |
r-devel-linux-x86_64-fedora-clang | 0.3.1 | 94.73 | NOTE | |||
r-devel-linux-x86_64-fedora-gcc | 0.3.1 | 91.82 | NOTE | |||
r-devel-windows-x86_64 | 0.3.1 | 12.00 | 84.00 | 96.00 | NOTE | |
r-patched-linux-x86_64 | 0.3.1 | 6.80 | 68.59 | 75.39 | NOTE | |
r-release-linux-x86_64 | 0.3.1 | 7.11 | 69.54 | 76.65 | NOTE | |
r-release-macos-arm64 | 0.3.1 | 29.00 | NOTE | |||
r-release-macos-x86_64 | 0.3.1 | 53.00 | NOTE | |||
r-release-windows-x86_64 | 0.3.1 | 12.00 | 86.00 | 98.00 | NOTE | |
r-oldrel-macos-arm64 | 0.3.1 | 34.00 | NOTE | |||
r-oldrel-macos-x86_64 | 0.3.1 | 45.00 | NOTE | |||
r-oldrel-windows-ix86+x86_64 | 0.3.1 | 18.00 | 88.00 | 106.00 | NOTE |
Version: 0.3.1
Check: LazyData
Result: NOTE
'LazyData' is specified without a 'data' directory
Flavors: r-devel-linux-x86_64-debian-clang, r-devel-linux-x86_64-debian-gcc, r-devel-linux-x86_64-fedora-clang, r-devel-linux-x86_64-fedora-gcc, r-devel-windows-x86_64, r-patched-linux-x86_64, r-release-linux-x86_64, r-release-macos-arm64, r-release-macos-x86_64, r-release-windows-x86_64, r-oldrel-macos-arm64, r-oldrel-macos-x86_64, r-oldrel-windows-ix86+x86_64
Version: 0.3.1
Check: dependencies in R code
Result: NOTE
Namespace in Imports field not imported from: ‘dbplyr’
All declared Imports should be used.
Flavors: r-devel-linux-x86_64-fedora-clang, r-devel-linux-x86_64-fedora-gcc, r-release-macos-arm64, r-release-macos-x86_64, r-oldrel-macos-arm64, r-oldrel-macos-x86_64