Last updated on 2024-04-26 01:53:08 CEST.
Flavor | Version | Tinstall | Tcheck | Ttotal | Status | Flags |
---|---|---|---|---|---|---|
r-devel-linux-x86_64-debian-clang | 1.5-18 | 49.43 | 95.98 | 145.41 | OK | |
r-devel-linux-x86_64-debian-gcc | 1.5-18 | 37.17 | 71.64 | 108.81 | OK | |
r-devel-linux-x86_64-fedora-clang | 1.5-18 | 198.55 | OK | |||
r-devel-linux-x86_64-fedora-gcc | 1.5-18 | 210.58 | OK | |||
r-devel-windows-x86_64 | 1.5-18 | 44.00 | 124.00 | 168.00 | OK | |
r-patched-linux-x86_64 | 1.5-18 | 47.23 | 94.73 | 141.96 | OK | |
r-release-linux-x86_64 | 1.5-18 | 45.37 | 93.69 | 139.06 | OK | |
r-release-macos-arm64 | 1.5-18 | 52.00 | OK | |||
r-release-windows-x86_64 | 1.5-18 | 41.00 | 124.00 | 165.00 | OK | |
r-oldrel-macos-arm64 | 1.5-18 | 64.00 | OK | |||
r-oldrel-macos-x86_64 | 1.5-18 | 100.00 | NOTE | |||
r-oldrel-windows-x86_64 | 1.5-18 | 52.00 | 136.00 | 188.00 | OK |
Version: 1.5-18
Check: re-building of vignette outputs
Result: NOTE
Error(s) in re-building vignettes:
...
--- re-building ‘geosphere.Rnw’ using Sweave
Loading required namespace: raster
Error: processing vignette 'geosphere.Rnw' failed with diagnostics:
Running 'texi2dvi' on 'geosphere.tex' failed.
LaTeX errors:
! LaTeX Error: File `hanging.sty' not found.
Type X to quit or <RETURN> to proceed,
or enter new name. (Default extension: sty)
! Emergency stop.
<read *>
l.10 ^^M
! ==> Fatal error occurred, no output PDF file produced!
--- failed re-building ‘geosphere.Rnw’
SUMMARY: processing the following file failed:
‘geosphere.Rnw’
Error: Vignette re-building failed.
Execution halted
Flavor: r-oldrel-macos-x86_64