Last updated on 2022-07-06 01:50:24 CEST.
Flavor | Version | Tinstall | Tcheck | Ttotal | Status | Flags |
---|---|---|---|---|---|---|
r-devel-linux-x86_64-debian-clang | 1.0-2 | 12.89 | 143.85 | 156.74 | OK | |
r-devel-linux-x86_64-debian-gcc | 1.0-2 | 9.15 | 103.53 | 112.68 | OK | |
r-devel-linux-x86_64-fedora-clang | 1.0-2 | 188.74 | NOTE | |||
r-devel-linux-x86_64-fedora-gcc | 1.0-2 | 189.43 | OK | |||
r-devel-windows-x86_64 | 1.0-2 | 25.00 | 158.00 | 183.00 | OK | |
r-patched-linux-x86_64 | 1.0-2 | 16.04 | 133.06 | 149.10 | OK | |
r-release-linux-x86_64 | 1.0-2 | 11.89 | 133.65 | 145.54 | OK | |
r-release-macos-arm64 | 1.0-2 | 47.00 | OK | |||
r-release-macos-x86_64 | 1.0-2 | 100.00 | OK | |||
r-release-windows-x86_64 | 1.0-2 | 24.00 | 163.00 | 187.00 | OK | |
r-oldrel-macos-arm64 | 1.0-2 | 51.00 | OK | |||
r-oldrel-macos-x86_64 | 1.0-2 | 83.00 | OK | |||
r-oldrel-windows-ix86+x86_64 | 1.0-2 | 33.00 | 160.00 | 193.00 | OK |
Version: 1.0-2
Check: Rd cross-references
Result: NOTE
Undeclared package ‘nloptr’ in Rd xrefs
Flavor: r-devel-linux-x86_64-fedora-clang