Last updated on 2024-04-19 01:58:43 CEST.
Flavor | Version | Tinstall | Tcheck | Ttotal | Status | Flags |
---|---|---|---|---|---|---|
r-devel-linux-x86_64-debian-clang | 0.5.4 | 368.73 | 485.71 | 854.44 | NOTE | |
r-devel-linux-x86_64-debian-gcc | 0.6.0 | 304.65 | 389.67 | 694.32 | NOTE | |
r-devel-linux-x86_64-fedora-clang | 0.6.0 | 1033.09 | NOTE | |||
r-devel-linux-x86_64-fedora-gcc | 0.6.0 | 1232.84 | NOTE | |||
r-prerel-macos-arm64 | 0.6.0 | 283.00 | NOTE | |||
r-prerel-macos-x86_64 | 0.6.0 | 648.00 | NOTE | |||
r-prerel-windows-x86_64 | 0.6.0 | 206.00 | 378.00 | 584.00 | NOTE | |
r-patched-linux-x86_64 | 0.6.0 | 0.04 | 3.00 | 3.04 | ERROR | |
r-release-linux-x86_64 | 0.5.4 | 287.30 | 509.95 | 797.25 | NOTE | |
r-release-macos-arm64 | 0.6.0 | 275.00 | NOTE | |||
r-release-macos-x86_64 | 0.6.0 | 573.00 | NOTE | |||
r-release-windows-x86_64 | 0.5.4 | 308.00 | 492.00 | 800.00 | NOTE | |
r-oldrel-macos-arm64 | 0.6.0 | 252.00 | NOTE | |||
r-oldrel-windows-x86_64 | 0.6.0 | 186.00 | 409.00 | 595.00 | NOTE |
Version: 0.5.4
Check: for GNU extensions in Makefiles
Result: NOTE
GNU make is a SystemRequirements.
Flavors: r-devel-linux-x86_64-debian-clang, r-release-linux-x86_64, r-release-windows-x86_64
Version: 0.6.0
Check: for GNU extensions in Makefiles
Result: NOTE
GNU make is a SystemRequirements.
Flavors: r-devel-linux-x86_64-debian-gcc, r-devel-linux-x86_64-fedora-clang, r-devel-linux-x86_64-fedora-gcc, r-prerel-macos-arm64, r-prerel-macos-x86_64, r-prerel-windows-x86_64, r-release-macos-arm64, r-release-macos-x86_64, r-oldrel-macos-arm64, r-oldrel-windows-x86_64
Version: 0.6.0
Check: installed package size
Result: NOTE
installed size is 6.1Mb
sub-directories of 1Mb or more:
libs 4.2Mb
Flavors: r-devel-linux-x86_64-fedora-clang, r-prerel-macos-arm64, r-prerel-macos-x86_64, r-release-macos-arm64, r-release-macos-x86_64, r-oldrel-macos-arm64
Version: 0.6.0
Check: dependencies in R code
Result: NOTE
Namespaces in Imports field not imported from:
‘RcppParallel’ ‘rstantools’
All declared Imports should be used.
Flavors: r-devel-linux-x86_64-fedora-clang, r-devel-linux-x86_64-fedora-gcc
Version: 0.6.0
Check: whether package can be installed
Result: ERROR
Installation failed.
Flavor: r-patched-linux-x86_64