Last updated on 2024-03-29 01:51:06 CET.
Flavor | Version | Tinstall | Tcheck | Ttotal | Status | Flags |
---|---|---|---|---|---|---|
r-devel-linux-x86_64-debian-clang | 0.2.8 | 35.02 | 341.46 | 376.48 | OK | |
r-devel-linux-x86_64-debian-gcc | 0.2.8 | 26.79 | 241.88 | 268.67 | OK | |
r-devel-linux-x86_64-fedora-clang | 0.2.8 | 452.67 | NOTE | |||
r-devel-linux-x86_64-fedora-gcc | 0.2.8 | 439.89 | NOTE | |||
r-devel-windows-x86_64 | 0.2.8 | 29.00 | 205.00 | 234.00 | OK | |
r-patched-linux-x86_64 | 0.2.8 | 26.99 | 320.28 | 347.27 | OK | |
r-release-linux-x86_64 | 0.2.8 | 33.54 | 310.97 | 344.51 | OK | |
r-release-macos-arm64 | 0.2.8 | 105.00 | OK | |||
r-release-macos-x86_64 | 0.2.8 | 223.00 | OK | |||
r-release-windows-x86_64 | 0.2.8 | 39.00 | 272.00 | 311.00 | OK | |
r-oldrel-macos-arm64 | 0.2.8 | 104.00 | OK | |||
r-oldrel-windows-x86_64 | 0.2.8 | 41.00 | 271.00 | 312.00 | OK |
Version: 0.2.8
Check: data for non-ASCII characters
Result: NOTE
Note: found 64 marked Latin-1 strings
Note: found 25 marked UTF-8 strings
Flavors: r-devel-linux-x86_64-fedora-clang, r-devel-linux-x86_64-fedora-gcc