Last updated on 2024-08-16 01:48:19 CEST.
Flavor | Version | Tinstall | Tcheck | Ttotal | Status | Flags |
---|---|---|---|---|---|---|
r-devel-linux-x86_64-debian-clang | 0.38 | 12.82 | 96.04 | 108.86 | OK | |
r-devel-linux-x86_64-debian-gcc | 0.38 | 8.55 | 63.87 | 72.42 | OK | |
r-devel-linux-x86_64-fedora-clang | 0.38 | 175.86 | NOTE | |||
r-devel-linux-x86_64-fedora-gcc | 0.38 | 177.36 | OK | |||
r-devel-windows-x86_64 | 0.38 | 14.00 | 141.00 | 155.00 | OK | |
r-patched-linux-x86_64 | 0.38 | 14.15 | 89.66 | 103.81 | OK | |
r-release-linux-x86_64 | 0.38 | 10.95 | 90.30 | 101.25 | OK | |
r-release-macos-arm64 | 0.38 | 61.00 | OK | |||
r-release-macos-x86_64 | 0.38 | 158.00 | OK | |||
r-release-windows-x86_64 | 0.38 | 14.00 | 147.00 | 161.00 | OK | |
r-oldrel-macos-arm64 | 0.38 | 62.00 | OK | |||
r-oldrel-macos-x86_64 | 0.38 | 144.00 | OK | |||
r-oldrel-windows-x86_64 | 0.38 | 18.00 | 160.00 | 178.00 | OK |
Version: 0.38
Check: Rd cross-references
Result: NOTE
Undeclared package ‘forecast’ in Rd xrefs
Flavor: r-devel-linux-x86_64-fedora-clang