Last updated on 2022-07-03 01:48:55 CEST.
Flavor | Version | Tinstall | Tcheck | Ttotal | Status | Flags |
---|---|---|---|---|---|---|
r-devel-linux-x86_64-debian-clang | 2.0.4 | 143.00 | 247.51 | 390.51 | OK | |
r-devel-linux-x86_64-debian-gcc | 2.0.4 | 88.19 | 181.41 | 269.60 | OK | |
r-devel-linux-x86_64-fedora-clang | 2.0.4 | 529.40 | NOTE | |||
r-devel-linux-x86_64-fedora-gcc | 2.0.4 | 441.41 | OK | |||
r-devel-windows-x86_64 | 2.0.4 | 67.00 | 294.00 | 361.00 | OK | |
r-patched-linux-x86_64 | 2.0.4 | 71.01 | 228.41 | 299.42 | OK | |
r-release-linux-x86_64 | 2.0.4 | 69.58 | 227.06 | 296.64 | OK | |
r-release-macos-arm64 | 2.0.4 | 141.00 | NOTE | |||
r-release-macos-x86_64 | 2.0.4 | 229.00 | NOTE | |||
r-release-windows-x86_64 | 2.0.4 | 67.00 | 293.00 | 360.00 | OK | |
r-oldrel-macos-arm64 | 2.0.4 | 214.00 | NOTE | |||
r-oldrel-macos-x86_64 | 2.0.4 | 178.00 | NOTE | |||
r-oldrel-windows-ix86+x86_64 | 2.0.4 | 212.00 | 307.00 | 519.00 | OK |
Version: 2.0.4
Check: installed package size
Result: NOTE
installed size is 31.2Mb
sub-directories of 1Mb or more:
libs 30.5Mb
Flavors: r-devel-linux-x86_64-fedora-clang, r-release-macos-arm64, r-release-macos-x86_64, r-oldrel-macos-arm64, r-oldrel-macos-x86_64