Last updated on 2024-04-24 01:52:11 CEST.
Flavor | Version | Tinstall | Tcheck | Ttotal | Status | Flags |
---|---|---|---|---|---|---|
r-devel-linux-x86_64-debian-clang | 2.0.5 | 113.50 | 238.28 | 351.78 | NOTE | |
r-devel-linux-x86_64-debian-gcc | 2.0.5 | 97.16 | 183.46 | 280.62 | NOTE | |
r-devel-linux-x86_64-fedora-clang | 2.0.5 | 445.07 | NOTE | |||
r-devel-linux-x86_64-fedora-gcc | 2.0.5 | 476.48 | NOTE | |||
r-prerel-macos-arm64 | 2.0.5 | 114.00 | NOTE | |||
r-prerel-windows-x86_64 | 2.0.5 | 77.00 | 229.00 | 306.00 | NOTE | |
r-patched-linux-x86_64 | 2.0.5 | 84.82 | 229.75 | 314.57 | NOTE | |
r-release-linux-x86_64 | 2.0.5 | 97.97 | 237.11 | 335.08 | NOTE | |
r-release-macos-arm64 | 2.0.5 | 164.00 | NOTE | |||
r-release-macos-x86_64 | 2.0.5 | 244.00 | NOTE | |||
r-release-windows-x86_64 | 2.0.5 | 101.00 | 258.00 | 359.00 | NOTE | |
r-oldrel-macos-arm64 | 2.0.5 | 149.00 | NOTE | |||
r-oldrel-windows-x86_64 | 2.0.5 | 100.00 | 256.00 | 356.00 | OK |
Version: 2.0.5
Check: C++ specification
Result: NOTE
Specified C++11: please drop specification unless essential
Flavors: r-devel-linux-x86_64-debian-clang, r-devel-linux-x86_64-debian-gcc, r-devel-linux-x86_64-fedora-clang, r-devel-linux-x86_64-fedora-gcc, r-prerel-macos-arm64, r-prerel-windows-x86_64, r-patched-linux-x86_64, r-release-linux-x86_64, r-release-macos-arm64, r-release-macos-x86_64, r-release-windows-x86_64
Version: 2.0.5
Check: installed package size
Result: NOTE
installed size is 33.2Mb
sub-directories of 1Mb or more:
libs 32.7Mb
Flavors: r-prerel-macos-arm64, r-release-macos-arm64, r-release-macos-x86_64, r-oldrel-macos-arm64