Last updated on 2024-04-23 01:57:01 CEST.
Flavor | Version | Tinstall | Tcheck | Ttotal | Status | Flags |
---|---|---|---|---|---|---|
r-devel-linux-x86_64-debian-clang | 1.0.1 | 5.52 | 210.54 | 216.06 | OK | |
r-devel-linux-x86_64-debian-gcc | 1.0.1 | 5.99 | 151.77 | 157.76 | OK | |
r-devel-linux-x86_64-fedora-clang | 1.0.1 | 266.70 | NOTE | |||
r-devel-linux-x86_64-fedora-gcc | 1.0.1 | 266.77 | OK | |||
r-prerel-macos-arm64 | 1.0.1 | 71.00 | OK | |||
r-prerel-windows-x86_64 | 1.0.1 | 9.00 | 152.00 | 161.00 | OK | |
r-patched-linux-x86_64 | 1.0.1 | 7.14 | 199.65 | 206.79 | OK | |
r-release-linux-x86_64 | 1.0.1 | 4.86 | 196.82 | 201.68 | OK | |
r-release-macos-arm64 | 1.0.1 | 78.00 | OK | |||
r-release-macos-x86_64 | 1.0.1 | 125.00 | OK | |||
r-release-windows-x86_64 | 1.0.1 | 10.00 | 179.00 | 189.00 | OK | |
r-oldrel-macos-arm64 | 1.0.1 | 102.00 | OK | |||
r-oldrel-windows-x86_64 | 1.0.1 | 12.00 | 188.00 | 200.00 | OK |
Version: 1.0.1
Check: Rd cross-references
Result: NOTE
Undeclared package ‘rlang’ in Rd xrefs
Flavor: r-devel-linux-x86_64-fedora-clang