Last updated on 2025-04-30 02:50:39 CEST.
Flavor | Version | Tinstall | Tcheck | Ttotal | Status | Flags |
---|---|---|---|---|---|---|
r-devel-linux-x86_64-debian-clang | 2.2.0 | 30.37 | 100.80 | 131.17 | NOTE | |
r-devel-linux-x86_64-debian-gcc | 2.2.0 | 22.62 | 70.71 | 93.33 | NOTE | |
r-devel-linux-x86_64-fedora-clang | 2.2.0 | 189.21 | OK | |||
r-devel-linux-x86_64-fedora-gcc | 2.2.0 | 191.29 | OK | |||
r-devel-windows-x86_64 | 2.2.0 | 29.00 | 106.00 | 135.00 | OK | |
r-patched-linux-x86_64 | 2.2.0 | 28.54 | 92.50 | 121.04 | OK | |
r-release-linux-x86_64 | 2.2.0 | 29.24 | 94.55 | 123.79 | OK | |
r-release-macos-arm64 | 2.2.0 | 66.00 | OK | |||
r-release-macos-x86_64 | 2.2.0 | 113.00 | OK | |||
r-release-windows-x86_64 | 2.2.0 | 29.00 | 104.00 | 133.00 | OK | |
r-oldrel-macos-arm64 | 2.2.0 | 57.00 | OK | |||
r-oldrel-macos-x86_64 | 2.2.0 | 85.00 | OK | |||
r-oldrel-windows-x86_64 | 2.2.0 | 37.00 | 128.00 | 165.00 | OK |
Version: 2.2.0
Check: DESCRIPTION meta-information
Result: NOTE
Author field differs from that derived from Authors@R
Author: ‘Mikko Vihtakari [aut, cre] (Institute of Marine Research, <https://orcid.org/0000-0003-0371-4319>), Roger Bivand [ctb], Hadley Wickham [ctb]’
Authors@R: ‘Mikko Vihtakari [aut, cre] (affiliation: Institute of Marine Research, ORCID: <https://orcid.org/0000-0003-0371-4319>), Roger Bivand [ctb], Hadley Wickham [ctb]’
Flavors: r-devel-linux-x86_64-debian-clang, r-devel-linux-x86_64-debian-gcc