Last updated on 2024-08-16 01:48:19 CEST.
Flavor | Version | Tinstall | Tcheck | Ttotal | Status | Flags |
---|---|---|---|---|---|---|
r-devel-linux-x86_64-debian-clang | 1.2.11 | 15.14 | 191.09 | 206.23 | NOTE | |
r-devel-linux-x86_64-debian-gcc | 1.2.11 | 11.84 | 139.80 | 151.64 | NOTE | |
r-devel-linux-x86_64-fedora-clang | 1.2.11 | 350.06 | NOTE | |||
r-devel-linux-x86_64-fedora-gcc | 1.2.11 | 331.31 | NOTE | |||
r-devel-windows-x86_64 | 1.2.11 | 17.00 | 305.00 | 322.00 | NOTE | |
r-patched-linux-x86_64 | 1.2.11 | 23.05 | 189.65 | 212.70 | NOTE | |
r-release-linux-x86_64 | 1.2.11 | 15.41 | 187.73 | 203.14 | NOTE | |
r-release-macos-arm64 | 1.2.11 | 89.00 | NOTE | |||
r-release-macos-x86_64 | 1.2.11 | 138.00 | NOTE | |||
r-release-windows-x86_64 | 1.2.11 | 19.00 | 306.00 | 325.00 | NOTE | |
r-oldrel-macos-arm64 | 1.2.11 | 90.00 | NOTE | |||
r-oldrel-macos-x86_64 | 1.2.11 | 175.00 | NOTE | |||
r-oldrel-windows-x86_64 | 1.2.11 | 22.00 | 314.00 | 336.00 | NOTE |
Version: 1.2.11
Check: package dependencies
Result: NOTE
Package suggested but not available for checking: ‘lixoftConnectors’
Flavors: r-devel-linux-x86_64-debian-clang, r-devel-linux-x86_64-debian-gcc, r-devel-linux-x86_64-fedora-clang, r-devel-linux-x86_64-fedora-gcc, r-devel-windows-x86_64, r-patched-linux-x86_64, r-release-linux-x86_64, r-release-macos-arm64, r-release-macos-x86_64, r-release-windows-x86_64, r-oldrel-macos-arm64, r-oldrel-macos-x86_64, r-oldrel-windows-x86_64
Version: 1.2.11
Check: Rd cross-references
Result: NOTE
Found the following Rd file(s) with Rd \link{} targets missing package
anchors:
n_pages.Rd: facet_wrap_paginate
Please provide package anchors for all Rd \link{} targets not in the
package itself and the base packages.
Flavors: r-devel-linux-x86_64-debian-clang, r-devel-linux-x86_64-debian-gcc, r-devel-windows-x86_64
Version: 1.2.11
Check: installed package size
Result: NOTE
installed size is 9.0Mb
sub-directories of 1Mb or more:
doc 1.1Mb
help 2.4Mb
testdata 4.8Mb
Flavors: r-devel-linux-x86_64-fedora-clang, r-devel-windows-x86_64, r-release-macos-arm64, r-release-macos-x86_64, r-release-windows-x86_64, r-oldrel-macos-arm64, r-oldrel-macos-x86_64, r-oldrel-windows-x86_64