Last updated on 2025-04-30 01:50:21 CEST.
Flavor | Version | Tinstall | Tcheck | Ttotal | Status | Flags |
---|---|---|---|---|---|---|
r-devel-linux-x86_64-debian-clang | 0.1.1 | 4.35 | 56.05 | 60.40 | NOTE | |
r-devel-linux-x86_64-debian-gcc | 0.1.1 | 3.63 | 39.24 | 42.87 | OK | |
r-devel-linux-x86_64-fedora-clang | 0.1.1 | 83.20 | OK | |||
r-devel-linux-x86_64-fedora-gcc | 0.1.1 | 80.21 | OK | |||
r-devel-windows-x86_64 | 0.1.1 | 6.00 | 68.00 | 74.00 | OK | |
r-patched-linux-x86_64 | 0.1.1 | 5.10 | 50.73 | 55.83 | OK | |
r-release-linux-x86_64 | 0.1.1 | 4.68 | 51.17 | 55.85 | OK | |
r-release-macos-arm64 | 0.1.1 | 34.00 | OK | |||
r-release-macos-x86_64 | 0.1.1 | 47.00 | OK | |||
r-release-windows-x86_64 | 0.1.1 | 7.00 | 68.00 | 75.00 | OK | |
r-oldrel-macos-arm64 | 0.1.1 | 27.00 | OK | |||
r-oldrel-macos-x86_64 | 0.1.1 | 43.00 | OK | |||
r-oldrel-windows-x86_64 | 0.1.1 | 8.00 | 81.00 | 89.00 | OK |
Version: 0.1.1
Check: examples
Result: NOTE
Examples with CPU (user + system) or elapsed time > 5s
user system elapsed
geom_cloud 3.809 0.056 5.222
Flavor: r-devel-linux-x86_64-debian-clang