CRAN Package Check Results for Package ggbuildr

Last updated on 2025-05-23 02:50:51 CEST.

Flavor Version Tinstall Tcheck Ttotal Status Flags
r-devel-linux-x86_64-debian-clang 0.1.0 4.32 48.98 53.30 NOTE
r-devel-linux-x86_64-debian-gcc 0.1.0 3.31 35.36 38.67 NOTE
r-devel-linux-x86_64-fedora-clang 0.1.0 84.05 OK
r-devel-linux-x86_64-fedora-gcc 0.1.0 77.13 OK
r-devel-windows-x86_64 0.1.0 9.00 69.00 78.00 OK
r-patched-linux-x86_64 0.1.0 4.57 44.48 49.05 OK
r-release-linux-x86_64 0.1.0 4.69 44.25 48.94 OK
r-release-macos-arm64 0.1.0 31.00 OK
r-release-macos-x86_64 0.1.0 44.00 OK
r-release-windows-x86_64 0.1.0 6.00 68.00 74.00 OK
r-oldrel-macos-arm64 0.1.0 26.00 NOTE
r-oldrel-macos-x86_64 0.1.0 37.00 NOTE
r-oldrel-windows-x86_64 0.1.0 8.00 78.00 86.00 NOTE

Check Details

Version: 0.1.0
Check: CRAN incoming feasibility
Result: NOTE Maintainer: ‘Jongbin Jung <me@jongbin.com>’ No Authors@R field in DESCRIPTION. Please add one, modifying Authors@R: person(given = "Jongbin", family = "Jung", role = c("aut", "cre"), email = "me@jongbin.com") as necessary. Flavors: r-devel-linux-x86_64-debian-clang, r-devel-linux-x86_64-debian-gcc

Version: 0.1.0
Check: LazyData
Result: NOTE 'LazyData' is specified without a 'data' directory Flavors: r-oldrel-macos-arm64, r-oldrel-macos-x86_64, r-oldrel-windows-x86_64