Last updated on 2025-05-09 01:50:05 CEST.
Flavor | Version | Tinstall | Tcheck | Ttotal | Status | Flags |
---|---|---|---|---|---|---|
r-devel-linux-x86_64-debian-clang | 0.1.5 | 5.61 | 78.51 | 84.12 | NOTE | |
r-devel-linux-x86_64-debian-gcc | 0.1.5 | 4.14 | 57.05 | 61.19 | NOTE | |
r-devel-linux-x86_64-fedora-clang | 0.1.5 | 133.85 | NOTE | |||
r-devel-linux-x86_64-fedora-gcc | 0.1.5 | 142.67 | NOTE | |||
r-devel-windows-x86_64 | 0.1.5 | 7.00 | 84.00 | 91.00 | NOTE | |
r-patched-linux-x86_64 | 0.1.5 | 5.75 | 73.12 | 78.87 | NOTE | |
r-release-linux-x86_64 | 0.1.5 | 5.33 | 71.54 | 76.87 | NOTE | |
r-release-macos-arm64 | 0.1.5 | 62.00 | NOTE | |||
r-release-macos-x86_64 | 0.1.5 | 73.00 | NOTE | |||
r-release-windows-x86_64 | 0.1.5 | 8.00 | 82.00 | 90.00 | NOTE | |
r-oldrel-macos-arm64 | 0.1.5 | 45.00 | OK | |||
r-oldrel-macos-x86_64 | 0.1.5 | 70.00 | OK | |||
r-oldrel-windows-x86_64 | 0.1.5 | 10.00 | 104.00 | 114.00 | OK |
Version: 0.1.5
Check: DESCRIPTION meta-information
Result: NOTE
Missing dependency on R >= 4.1.0 because package code uses the pipe
|> or function shorthand \(...) syntax added in R 4.1.0.
File(s) using such syntax:
‘labs2.R’
Flavors: r-devel-linux-x86_64-debian-clang, r-devel-linux-x86_64-debian-gcc, r-devel-linux-x86_64-fedora-clang, r-devel-linux-x86_64-fedora-gcc, r-devel-windows-x86_64, r-patched-linux-x86_64, r-release-linux-x86_64, r-release-macos-arm64, r-release-macos-x86_64, r-release-windows-x86_64