Last updated on 2022-05-26 02:50:10 CEST.
Flavor | Version | Tinstall | Tcheck | Ttotal | Status | Flags |
---|---|---|---|---|---|---|
r-devel-linux-x86_64-debian-clang | 0.3.3 | 105.47 | 177.62 | 283.09 | NOTE | |
r-devel-linux-x86_64-debian-gcc | 0.3.3 | 84.90 | 130.57 | 215.47 | NOTE | |
r-devel-linux-x86_64-fedora-clang | 0.3.3 | 368.74 | NOTE | |||
r-devel-linux-x86_64-fedora-gcc | 0.3.3 | 344.74 | NOTE | |||
r-devel-windows-x86_64 | 0.3.3 | 116.00 | 206.00 | 322.00 | NOTE | |
r-patched-linux-x86_64 | 0.3.3 | 88.73 | 164.59 | 253.32 | NOTE | |
r-release-linux-x86_64 | 0.3.3 | NOTE | ||||
r-release-macos-arm64 | 0.3.3 | 82.00 | NOTE | |||
r-release-macos-x86_64 | 0.3.3 | 155.00 | NOTE | |||
r-release-windows-x86_64 | 0.3.3 | 124.00 | 199.00 | 323.00 | NOTE | |
r-oldrel-macos-arm64 | 0.3.3 | 99.00 | NOTE | |||
r-oldrel-macos-x86_64 | 0.3.3 | 170.00 | NOTE | |||
r-oldrel-windows-ix86+x86_64 | 0.3.3 | 231.00 | 309.00 | 540.00 | NOTE |
Version: 0.3.3
Check: LazyData
Result: NOTE
'LazyData' is specified without a 'data' directory
Flavors: r-devel-linux-x86_64-debian-clang, r-devel-linux-x86_64-debian-gcc, r-devel-linux-x86_64-fedora-clang, r-devel-linux-x86_64-fedora-gcc, r-devel-windows-x86_64, r-patched-linux-x86_64, r-release-linux-x86_64, r-release-macos-arm64, r-release-macos-x86_64, r-release-windows-x86_64, r-oldrel-macos-arm64, r-oldrel-macos-x86_64, r-oldrel-windows-ix86+x86_64
Version: 0.3.3
Check: installed package size
Result: NOTE
installed size is 18.2Mb
sub-directories of 1Mb or more:
help 1.1Mb
libs 16.2Mb
Flavors: r-devel-linux-x86_64-fedora-clang, r-release-macos-arm64, r-release-macos-x86_64, r-oldrel-macos-arm64, r-oldrel-macos-x86_64
Version: 0.3.3
Check: dependencies in R code
Result: NOTE
Namespace in Imports field not imported from: ‘withr’
All declared Imports should be used.
Flavors: r-devel-linux-x86_64-fedora-clang, r-devel-linux-x86_64-fedora-gcc, r-release-macos-arm64, r-release-macos-x86_64, r-oldrel-macos-arm64, r-oldrel-macos-x86_64