Last updated on 2024-08-16 01:48:19 CEST.
Flavor | Version | Tinstall | Tcheck | Ttotal | Status | Flags |
---|---|---|---|---|---|---|
r-devel-linux-x86_64-debian-clang | 1.0.0 | 11.84 | 237.05 | 248.89 | OK | |
r-devel-linux-x86_64-debian-gcc | 1.0.0 | 7.71 | 157.19 | 164.90 | OK | |
r-devel-linux-x86_64-fedora-clang | 1.0.0 | 396.10 | NOTE | |||
r-devel-linux-x86_64-fedora-gcc | 1.0.0 | 395.20 | OK | |||
r-devel-windows-x86_64 | 1.0.0 | 14.00 | 274.00 | 288.00 | OK | |
r-patched-linux-x86_64 | 1.0.0 | 11.13 | 223.37 | 234.50 | OK | |
r-release-linux-x86_64 | 1.0.0 | 10.37 | 223.99 | 234.36 | OK | |
r-release-macos-arm64 | 1.0.0 | 125.00 | OK | |||
r-release-macos-x86_64 | 1.0.0 | 310.00 | OK | |||
r-release-windows-x86_64 | 1.0.0 | 14.00 | 307.00 | 321.00 | OK | |
r-oldrel-macos-arm64 | 1.0.0 | 178.00 | OK | |||
r-oldrel-macos-x86_64 | 1.0.0 | 309.00 | OK | |||
r-oldrel-windows-x86_64 | 1.0.0 | 18.00 | 344.00 | 362.00 | OK |
Version: 1.0.0
Check: Rd cross-references
Result: NOTE
Undeclared package ‘ape’ in Rd xrefs
Flavor: r-devel-linux-x86_64-fedora-clang