Last updated on 2024-04-23 01:57:01 CEST.
Flavor | Version | Tinstall | Tcheck | Ttotal | Status | Flags |
---|---|---|---|---|---|---|
r-devel-linux-x86_64-debian-clang | 0.4.1 | 5.74 | 45.76 | 51.50 | NOTE | |
r-devel-linux-x86_64-debian-gcc | 0.4.1 | 3.62 | 35.59 | 39.21 | NOTE | |
r-devel-linux-x86_64-fedora-clang | 0.4.1 | 66.29 | NOTE | |||
r-devel-linux-x86_64-fedora-gcc | 0.4.1 | 73.80 | NOTE | |||
r-prerel-macos-arm64 | 0.4.1 | 31.00 | NOTE | |||
r-prerel-windows-x86_64 | 0.4.1 | 5.00 | 54.00 | 59.00 | NOTE | |
r-patched-linux-x86_64 | 0.4.1 | 8.21 | 44.37 | 52.58 | NOTE | |
r-release-linux-x86_64 | 0.4.1 | 3.37 | 42.95 | 46.32 | NOTE | |
r-release-macos-arm64 | 0.4.1 | 28.00 | NOTE | |||
r-release-macos-x86_64 | 0.4.1 | 44.00 | NOTE | |||
r-release-windows-x86_64 | 0.4.1 | 7.00 | 57.00 | 64.00 | NOTE | |
r-oldrel-macos-arm64 | 0.4.1 | 23.00 | NOTE | |||
r-oldrel-windows-x86_64 | 0.4.1 | 6.00 | 61.00 | 67.00 | NOTE |
Version: 0.4.1
Check: LazyData
Result: NOTE
'LazyData' is specified without a 'data' directory
Flavors: r-devel-linux-x86_64-debian-clang, r-devel-linux-x86_64-debian-gcc, r-devel-linux-x86_64-fedora-clang, r-devel-linux-x86_64-fedora-gcc, r-prerel-macos-arm64, r-prerel-windows-x86_64, r-patched-linux-x86_64, r-release-linux-x86_64, r-release-macos-arm64, r-release-macos-x86_64, r-release-windows-x86_64, r-oldrel-macos-arm64, r-oldrel-windows-x86_64