Last updated on 2024-04-20 01:49:57 CEST.
Flavor | Version | Tinstall | Tcheck | Ttotal | Status | Flags |
---|---|---|---|---|---|---|
r-devel-linux-x86_64-debian-clang | 1.5.1 | 10.45 | 74.64 | 85.09 | OK | |
r-devel-linux-x86_64-debian-gcc | 1.5.1 | OK | ||||
r-devel-linux-x86_64-fedora-clang | 1.5.1 | 107.34 | NOTE | |||
r-devel-linux-x86_64-fedora-gcc | 1.5.1 | 99.36 | OK | |||
r-prerel-macos-arm64 | 1.5.1 | 40.00 | OK | |||
r-prerel-macos-x86_64 | 1.5.1 | 128.00 | OK | |||
r-prerel-windows-x86_64 | 1.5.1 | 13.00 | 82.00 | 95.00 | OK | |
r-patched-linux-x86_64 | 1.5.1 | 12.36 | 56.10 | 68.46 | OK | |
r-release-linux-x86_64 | 1.5.1 | 11.67 | 53.64 | 65.31 | OK | |
r-release-macos-arm64 | 1.5.1 | 72.00 | OK | |||
r-release-macos-x86_64 | 1.5.1 | 129.00 | OK | |||
r-release-windows-x86_64 | 1.5.1 | 13.00 | 94.00 | 107.00 | OK | |
r-oldrel-macos-arm64 | 1.5.1 | 55.00 | OK | |||
r-oldrel-windows-x86_64 | 1.5.1 | 14.00 | 91.00 | 105.00 | OK |
Version: 1.5.1
Check: installed package size
Result: NOTE
installed size is 5.4Mb
sub-directories of 1Mb or more:
libs 5.0Mb
Flavor: r-devel-linux-x86_64-fedora-clang