Last updated on 2023-06-04 01:54:02 CEST.
Flavor | Version | Tinstall | Tcheck | Ttotal | Status | Flags |
---|---|---|---|---|---|---|
r-devel-linux-x86_64-debian-clang | 0.2.1 | 0.54 | 2.30 | 2.84 | ERROR | |
r-devel-linux-x86_64-debian-gcc | 0.2.1 | 7.79 | 93.62 | 101.41 | OK | |
r-devel-linux-x86_64-fedora-clang | 0.2.1 | 167.52 | NOTE | |||
r-devel-linux-x86_64-fedora-gcc | 0.2.1 | 182.56 | NOTE | |||
r-devel-windows-x86_64 | 0.2.1 | 10.00 | 102.00 | 112.00 | OK | |
r-patched-linux-x86_64 | 0.2.1 | OK | ||||
r-release-linux-x86_64 | 0.2.1 | 8.63 | 118.78 | 127.41 | OK | |
r-release-macos-arm64 | 0.2.1 | 7.00 | ERROR | |||
r-release-macos-x86_64 | 0.2.1 | 108.00 | OK | |||
r-release-windows-x86_64 | 0.2.1 | 13.00 | 127.00 | 140.00 | OK | |
r-oldrel-macos-arm64 | 0.2.1 | 10.00 | ERROR | |||
r-oldrel-macos-x86_64 | 0.2.1 | 12.00 | ERROR | |||
r-oldrel-windows-x86_64 | 0.2.1 | 13.00 | 134.00 | 147.00 | OK |
Version: 0.2.1
Check: package dependencies
Result: ERROR
Packages required but not available: 'ggtree', 'treeio'
See section ‘The DESCRIPTION file’ in the ‘Writing R Extensions’
manual.
Flavor: r-devel-linux-x86_64-debian-clang
Version: 0.2.1
Check: dependencies in R code
Result: NOTE
Namespaces in Imports field not imported from:
‘cowplot’ ‘ggsci’ ‘memes’ ‘universalmotif’
All declared Imports should be used.
Flavors: r-devel-linux-x86_64-fedora-clang, r-devel-linux-x86_64-fedora-gcc
Version: 0.2.1
Check: package dependencies
Result: ERROR
Packages required but not available: 'memes', 'universalmotif'
See section ‘The DESCRIPTION file’ in the ‘Writing R Extensions’
manual.
Flavors: r-release-macos-arm64, r-oldrel-macos-arm64, r-oldrel-macos-x86_64