Last updated on 2024-04-19 01:58:44 CEST.
Flavor | Version | Tinstall | Tcheck | Ttotal | Status | Flags |
---|---|---|---|---|---|---|
r-devel-linux-x86_64-debian-clang | 1.0.0 | 11.02 | 274.15 | 285.17 | NOTE | |
r-devel-linux-x86_64-debian-gcc | 1.0.0 | 9.00 | 193.65 | 202.65 | NOTE | |
r-devel-linux-x86_64-fedora-clang | 1.0.0 | 347.19 | NOTE | |||
r-devel-linux-x86_64-fedora-gcc | 1.0.0 | 340.58 | NOTE | |||
r-prerel-macos-arm64 | 1.0.0 | 84.00 | NOTE | |||
r-prerel-windows-x86_64 | 1.0.0 | 11.00 | 178.00 | 189.00 | NOTE | |
r-patched-linux-x86_64 | 1.0.0 | 15.45 | 252.77 | 268.22 | NOTE | |
r-release-linux-x86_64 | 1.0.0 | 9.85 | 259.43 | 269.28 | NOTE | |
r-release-macos-arm64 | 1.0.0 | 98.00 | NOTE | |||
r-release-macos-x86_64 | 1.0.0 | 168.00 | NOTE | |||
r-release-windows-x86_64 | 1.0.0 | 14.00 | 232.00 | 246.00 | NOTE | |
r-oldrel-macos-arm64 | 1.0.0 | 102.00 | NOTE | |||
r-oldrel-windows-x86_64 | 1.0.0 | 16.00 | 241.00 | 257.00 | NOTE |
Version: 1.0.0
Check: LazyData
Result: NOTE
'LazyData' is specified without a 'data' directory
Flavors: r-devel-linux-x86_64-debian-clang, r-devel-linux-x86_64-debian-gcc, r-devel-linux-x86_64-fedora-clang, r-devel-linux-x86_64-fedora-gcc, r-prerel-macos-arm64, r-prerel-windows-x86_64, r-patched-linux-x86_64, r-release-linux-x86_64, r-release-macos-arm64, r-release-macos-x86_64, r-release-windows-x86_64, r-oldrel-macos-arm64, r-oldrel-windows-x86_64
Version: 1.0.0
Check: dependencies in R code
Result: NOTE
Namespace in Imports field not imported from: ‘survival’
All declared Imports should be used.
Flavors: r-devel-linux-x86_64-fedora-clang, r-devel-linux-x86_64-fedora-gcc, r-oldrel-macos-arm64