Last updated on 2022-07-03 01:48:55 CEST.
Flavor | Version | Tinstall | Tcheck | Ttotal | Status | Flags |
---|---|---|---|---|---|---|
r-devel-linux-x86_64-debian-clang | 1.0.0 | 14.31 | 266.97 | 281.28 | NOTE | |
r-devel-linux-x86_64-debian-gcc | 1.0.0 | 10.41 | 183.35 | 193.76 | NOTE | |
r-devel-linux-x86_64-fedora-clang | 1.0.0 | 313.65 | NOTE | |||
r-devel-linux-x86_64-fedora-gcc | 1.0.0 | 318.01 | NOTE | |||
r-devel-windows-x86_64 | 1.0.0 | 25.00 | 275.00 | 300.00 | NOTE | |
r-patched-linux-x86_64 | 1.0.0 | 13.64 | 243.74 | 257.38 | NOTE | |
r-release-linux-x86_64 | 1.0.0 | 12.55 | 235.16 | 247.71 | NOTE | |
r-release-macos-arm64 | 1.0.0 | 102.00 | NOTE | |||
r-release-macos-x86_64 | 1.0.0 | 191.00 | NOTE | |||
r-release-windows-x86_64 | 1.0.0 | 28.00 | 276.00 | 304.00 | NOTE | |
r-oldrel-macos-arm64 | 1.0.0 | 150.00 | NOTE | |||
r-oldrel-macos-x86_64 | 1.0.0 | 158.00 | NOTE | |||
r-oldrel-windows-ix86+x86_64 | 1.0.0 | 29.00 | 282.00 | 311.00 | NOTE |
Version: 1.0.0
Check: LazyData
Result: NOTE
'LazyData' is specified without a 'data' directory
Flavors: r-devel-linux-x86_64-debian-clang, r-devel-linux-x86_64-debian-gcc, r-devel-linux-x86_64-fedora-clang, r-devel-linux-x86_64-fedora-gcc, r-devel-windows-x86_64, r-patched-linux-x86_64, r-release-linux-x86_64, r-release-macos-arm64, r-release-macos-x86_64, r-release-windows-x86_64, r-oldrel-macos-arm64, r-oldrel-macos-x86_64, r-oldrel-windows-ix86+x86_64
Version: 1.0.0
Check: dependencies in R code
Result: NOTE
Namespace in Imports field not imported from: ‘survival’
All declared Imports should be used.
Flavors: r-devel-linux-x86_64-fedora-clang, r-devel-linux-x86_64-fedora-gcc, r-release-macos-arm64, r-release-macos-x86_64, r-oldrel-macos-arm64, r-oldrel-macos-x86_64