CRAN Package Check Results for Package ggplotAssist

Last updated on 2022-07-03 01:48:55 CEST.

Flavor Version Tinstall Tcheck Ttotal Status Flags
r-devel-linux-x86_64-debian-clang 0.1.3 11.59 90.78 102.37 NOTE
r-devel-linux-x86_64-debian-gcc 0.1.3 9.43 66.83 76.26 NOTE
r-devel-linux-x86_64-fedora-clang 0.1.3 129.74 NOTE
r-devel-linux-x86_64-fedora-gcc 0.1.3 127.06 NOTE
r-devel-windows-x86_64 0.1.3 29.00 117.00 146.00 NOTE
r-patched-linux-x86_64 0.1.3 7.93 86.67 94.60 NOTE
r-release-linux-x86_64 0.1.3 7.41 85.27 92.68 NOTE
r-release-macos-arm64 0.1.3 36.00 NOTE
r-release-macos-x86_64 0.1.3 64.00 NOTE
r-release-windows-x86_64 0.1.3 40.00 120.00 160.00 NOTE
r-oldrel-macos-arm64 0.1.3 46.00 NOTE
r-oldrel-macos-x86_64 0.1.3 57.00 NOTE
r-oldrel-windows-ix86+x86_64 0.1.3 27.00 112.00 139.00 NOTE

Check Details

Version: 0.1.3
Check: LazyData
Result: NOTE
     'LazyData' is specified without a 'data' directory
Flavors: r-devel-linux-x86_64-debian-clang, r-devel-linux-x86_64-debian-gcc, r-devel-linux-x86_64-fedora-clang, r-devel-linux-x86_64-fedora-gcc, r-devel-windows-x86_64, r-patched-linux-x86_64, r-release-linux-x86_64, r-release-macos-arm64, r-release-macos-x86_64, r-release-windows-x86_64, r-oldrel-macos-arm64, r-oldrel-macos-x86_64, r-oldrel-windows-ix86+x86_64

Version: 0.1.3
Check: dependencies in R code
Result: NOTE
    Namespaces in Imports field not imported from:
     ‘gcookbook’ ‘ggthemes’ ‘moonBook’ ‘tidyverse’
     All declared Imports should be used.
Flavors: r-devel-linux-x86_64-fedora-clang, r-devel-linux-x86_64-fedora-gcc, r-release-macos-arm64, r-release-macos-x86_64, r-oldrel-macos-arm64, r-oldrel-macos-x86_64