Last updated on 2024-04-24 01:52:11 CEST.
Flavor | Version | Tinstall | Tcheck | Ttotal | Status | Flags |
---|---|---|---|---|---|---|
r-devel-linux-x86_64-debian-clang | 0.3.1 | 13.72 | 137.85 | 151.57 | OK | |
r-devel-linux-x86_64-debian-gcc | 0.3.1 | 10.96 | 101.95 | 112.91 | OK | |
r-devel-linux-x86_64-fedora-clang | 0.3.1 | 192.26 | NOTE | |||
r-devel-linux-x86_64-fedora-gcc | 0.3.1 | 191.25 | NOTE | |||
r-prerel-macos-arm64 | 0.3.1 | 63.00 | OK | |||
r-prerel-windows-x86_64 | 0.3.1 | 13.00 | 123.00 | 136.00 | OK | |
r-patched-linux-x86_64 | 0.3.1 | 17.48 | 130.70 | 148.18 | OK | |
r-release-linux-x86_64 | 0.3.1 | 11.65 | 131.14 | 142.79 | OK | |
r-release-macos-arm64 | 0.3.1 | 51.00 | OK | |||
r-release-macos-x86_64 | 0.3.1 | 100.00 | OK | |||
r-release-windows-x86_64 | 0.3.1 | 18.00 | 145.00 | 163.00 | OK | |
r-oldrel-macos-arm64 | 0.3.1 | 54.00 | OK | |||
r-oldrel-windows-x86_64 | 0.3.1 | 20.00 | 147.00 | 167.00 | OK |
Version: 0.3.1
Check: package dependencies
Result: NOTE
Imports includes 37 non-default packages.
Importing from so many packages makes the package vulnerable to any of
them becoming unavailable. Move as many as possible to Suggests and
use conditionally.
Flavor: r-devel-linux-x86_64-fedora-clang
Version: 0.3.1
Check: dependencies in R code
Result: NOTE
Namespaces in Imports field not imported from:
‘DT’ ‘Formula’ ‘GGally’ ‘Hmisc’ ‘RPostgres’ ‘colourpicker’ ‘ggpmisc’
‘ggpubr’ ‘glue’ ‘gridExtra’ ‘markdown’ ‘patchwork’ ‘plotly’
‘quantreg’ ‘shinyFiles’ ‘shinyjqui’ ‘shinyjs’ ‘table1’ ‘zoo’
All declared Imports should be used.
Flavors: r-devel-linux-x86_64-fedora-clang, r-devel-linux-x86_64-fedora-gcc