Last updated on 2022-05-17 02:53:10 CEST.
Flavor | Version | Tinstall | Tcheck | Ttotal | Status | Flags |
---|---|---|---|---|---|---|
r-devel-linux-x86_64-debian-clang | 0.2.1 | 6.64 | 79.65 | 86.29 | OK | |
r-devel-linux-x86_64-debian-gcc | 0.2.1 | 6.35 | 60.25 | 66.60 | OK | |
r-devel-linux-x86_64-fedora-clang | 0.2.2 | 106.54 | NOTE | |||
r-devel-linux-x86_64-fedora-gcc | 0.2.2 | 103.66 | NOTE | |||
r-devel-windows-x86_64 | 0.2.1 | 49.00 | 108.00 | 157.00 | OK | |
r-patched-linux-x86_64 | 0.2.1 | 13.19 | 75.28 | 88.47 | OK | |
r-release-linux-x86_64 | 0.2.1 | 6.64 | 76.40 | 83.04 | OK | |
r-release-macos-arm64 | 0.2.2 | 35.00 | NOTE | |||
r-release-macos-x86_64 | 0.2.1 | 59.00 | NOTE | |||
r-release-windows-x86_64 | 0.2.2 | 62.00 | 132.00 | 194.00 | OK | |
r-oldrel-macos-arm64 | 0.2.2 | 32.00 | NOTE | |||
r-oldrel-macos-x86_64 | 0.2.1 | 45.00 | NOTE | |||
r-oldrel-windows-ix86+x86_64 | 0.2.1 | 20.00 | 98.00 | 118.00 | OK |
Version: 0.2.2
Check: package dependencies
Result: NOTE
Imports includes 28 non-default packages.
Importing from so many packages makes the package vulnerable to any of
them becoming unavailable. Move as many as possible to Suggests and
use conditionally.
Flavor: r-devel-linux-x86_64-fedora-clang
Version: 0.2.2
Check: dependencies in R code
Result: NOTE
Namespaces in Imports field not imported from:
‘DT’ ‘Formula’ ‘GGally’ ‘Hmisc’ ‘RPostgres’ ‘colourpicker’ ‘dplyr’
‘ggpmisc’ ‘ggpubr’ ‘ggrepel’ ‘gridExtra’ ‘markdown’ ‘plotly’
‘quantreg’ ‘rlang’ ‘shinyFiles’ ‘shinyjqui’ ‘shinyjs’ ‘survival’
‘survminer’ ‘table1’ ‘tidyr’ ‘zoo’
All declared Imports should be used.
Flavors: r-devel-linux-x86_64-fedora-clang, r-devel-linux-x86_64-fedora-gcc, r-release-macos-arm64, r-oldrel-macos-arm64
Version: 0.2.1
Check: dependencies in R code
Result: NOTE
Namespaces in Imports field not imported from:
‘DT’ ‘Formula’ ‘GGally’ ‘Hmisc’ ‘RPostgres’ ‘colourpicker’ ‘dplyr’
‘ggpmisc’ ‘ggpubr’ ‘ggrepel’ ‘gridExtra’ ‘markdown’ ‘plotly’
‘quantreg’ ‘rlang’ ‘shinyFiles’ ‘shinyjqui’ ‘shinyjs’ ‘survival’
‘survminer’ ‘table1’ ‘tidyr’ ‘zoo’
All declared Imports should be used.
Flavors: r-release-macos-x86_64, r-oldrel-macos-x86_64