CRAN Package Check Results for Package ggrain

Last updated on 2025-10-09 02:51:43 CEST.

Flavor Version Tinstall Tcheck Ttotal Status Flags
r-devel-linux-x86_64-debian-clang 0.0.4 6.79 84.16 90.95 NOTE
r-devel-linux-x86_64-debian-gcc 0.0.4 4.54 59.33 63.87 NOTE
r-devel-linux-x86_64-fedora-clang 0.0.4 129.71 OK
r-devel-linux-x86_64-fedora-gcc 0.0.4 133.15 OK
r-devel-windows-x86_64 0.0.4 8.00 94.00 102.00 NOTE
r-patched-linux-x86_64 0.0.4 6.63 76.75 83.38 NOTE
r-release-linux-x86_64 0.0.4 5.36 76.53 81.89 NOTE
r-release-macos-arm64 0.0.4 45.00 OK
r-release-macos-x86_64 0.0.4 69.00 OK
r-release-windows-x86_64 0.0.4 12.00 86.00 98.00 NOTE
r-oldrel-macos-arm64 0.0.4 36.00 OK
r-oldrel-macos-x86_64 0.0.4 56.00 OK
r-oldrel-windows-x86_64 0.0.4 11.00 108.00 119.00 OK

Check Details

Version: 0.0.4
Check: Rd cross-references
Result: NOTE Found the following Rd file(s) with Rd \link{} targets missing package anchors: ggplot2-ggproto.Rd: geom_jitter, geom_count, geom_bin2d, layer, geom_smooth, geom_quantile, geom_density_2d, geom_boxplot, geom_hex, geom_density2d Please provide package anchors for all Rd \link{} targets not in the package itself and the base packages. Flavors: r-devel-linux-x86_64-debian-clang, r-devel-linux-x86_64-debian-gcc, r-devel-windows-x86_64, r-patched-linux-x86_64, r-release-linux-x86_64, r-release-windows-x86_64