Last updated on 2025-05-01 01:49:32 CEST.
Flavor | Version | Tinstall | Tcheck | Ttotal | Status | Flags |
---|---|---|---|---|---|---|
r-devel-linux-x86_64-debian-clang | 1.2 | 15.99 | 114.67 | 130.66 | NOTE | |
r-devel-linux-x86_64-debian-gcc | 1.2 | 10.89 | 81.47 | 92.36 | NOTE | |
r-devel-linux-x86_64-fedora-clang | 1.2 | 193.49 | OK | |||
r-devel-linux-x86_64-fedora-gcc | 1.2 | 184.27 | OK | |||
r-devel-windows-x86_64 | 1.2 | 20.00 | 116.00 | 136.00 | OK | |
r-patched-linux-x86_64 | 1.2 | 15.69 | 106.42 | 122.11 | OK | |
r-release-linux-x86_64 | 1.2 | 16.54 | 105.93 | 122.47 | OK | |
r-release-macos-arm64 | 1.2 | 51.00 | OK | |||
r-release-macos-x86_64 | 1.2 | 95.00 | OK | |||
r-release-windows-x86_64 | 1.2 | 21.00 | 117.00 | 138.00 | OK | |
r-oldrel-macos-arm64 | 1.2 | 50.00 | NOTE | |||
r-oldrel-macos-x86_64 | 1.2 | 74.00 | NOTE | |||
r-oldrel-windows-x86_64 | 1.2 | 26.00 | 140.00 | 166.00 | NOTE |
Version: 1.2
Check: CRAN incoming feasibility
Result: NOTE
Maintainer: ‘Thomas Clarke <tclarke@jcvi.org>’
Package CITATION file contains call(s) to old-style personList() or
as.personList(). Please use c() on person objects instead.
Package CITATION file contains call(s) to old-style citEntry(). Please
use bibentry() instead.
Flavors: r-devel-linux-x86_64-debian-clang, r-devel-linux-x86_64-debian-gcc
Version: 1.2
Check: installed package size
Result: NOTE
installed size is 9.4Mb
sub-directories of 1Mb or more:
extdata 9.1Mb
Flavors: r-oldrel-macos-arm64, r-oldrel-macos-x86_64, r-oldrel-windows-x86_64