Last updated on 2024-04-19 01:58:44 CEST.
Flavor | Version | Tinstall | Tcheck | Ttotal | Status | Flags |
---|---|---|---|---|---|---|
r-devel-linux-x86_64-debian-clang | 0.5.6 | 10.53 | 130.61 | 141.14 | OK | |
r-devel-linux-x86_64-debian-gcc | 0.5.6 | 7.13 | 98.17 | 105.30 | OK | |
r-devel-linux-x86_64-fedora-clang | 0.5.6 | 176.02 | NOTE | |||
r-devel-linux-x86_64-fedora-gcc | 0.5.6 | 177.70 | NOTE | |||
r-prerel-macos-arm64 | 0.5.6 | 53.00 | OK | |||
r-prerel-macos-x86_64 | 0.5.6 | 133.00 | OK | |||
r-prerel-windows-x86_64 | 0.5.6 | 9.00 | 105.00 | 114.00 | OK | |
r-patched-linux-x86_64 | 0.5.6 | 14.88 | 121.61 | 136.49 | OK | |
r-release-linux-x86_64 | 0.5.6 | 8.11 | 125.01 | 133.12 | OK | |
r-release-macos-arm64 | 0.5.6 | 65.00 | OK | |||
r-release-macos-x86_64 | 0.5.6 | 110.00 | OK | |||
r-release-windows-x86_64 | 0.5.6 | 11.00 | 124.00 | 135.00 | OK | |
r-oldrel-macos-arm64 | 0.5.6 | 67.00 | OK | |||
r-oldrel-windows-x86_64 | 0.5.6 | 11.00 | 130.00 | 141.00 | OK |
Version: 0.5.6
Check: data for non-ASCII characters
Result: NOTE
Note: found 6242 marked UTF-8 strings
Flavors: r-devel-linux-x86_64-fedora-clang, r-devel-linux-x86_64-fedora-gcc