Last updated on 2022-05-28 01:51:37 CEST.
Flavor | Version | Tinstall | Tcheck | Ttotal | Status | Flags |
---|---|---|---|---|---|---|
r-devel-linux-x86_64-debian-clang | 0.5.3 | 10.49 | 131.77 | 142.26 | OK | |
r-devel-linux-x86_64-debian-gcc | 0.5.3 | 8.55 | 97.41 | 105.96 | OK | |
r-devel-linux-x86_64-fedora-clang | 0.5.3 | 161.21 | NOTE | |||
r-devel-linux-x86_64-fedora-gcc | 0.5.3 | 160.13 | NOTE | |||
r-devel-windows-x86_64 | 0.5.3 | 83.00 | 159.00 | 242.00 | OK | |
r-patched-linux-x86_64 | 0.5.3 | 13.59 | 121.17 | 134.76 | OK | |
r-release-linux-x86_64 | 0.5.3 | 11.64 | 122.38 | 134.02 | OK | |
r-release-macos-arm64 | 0.5.3 | 57.00 | NOTE | |||
r-release-macos-x86_64 | 0.5.3 | 104.00 | NOTE | |||
r-release-windows-x86_64 | 0.5.3 | 113.00 | 162.00 | 275.00 | OK | |
r-oldrel-macos-arm64 | 0.5.3 | 75.00 | NOTE | |||
r-oldrel-macos-x86_64 | 0.5.3 | 105.00 | NOTE | |||
r-oldrel-windows-ix86+x86_64 | 0.5.3 | 23.00 | 148.00 | 171.00 | OK |
Version: 0.5.3
Check: data for non-ASCII characters
Result: NOTE
Note: found 6242 marked UTF-8 strings
Flavors: r-devel-linux-x86_64-fedora-clang, r-devel-linux-x86_64-fedora-gcc, r-release-macos-arm64, r-release-macos-x86_64, r-oldrel-macos-arm64, r-oldrel-macos-x86_64