Last updated on 2024-04-24 01:52:11 CEST.
Flavor | Version | Tinstall | Tcheck | Ttotal | Status | Flags |
---|---|---|---|---|---|---|
r-devel-linux-x86_64-debian-clang | 1.6.5 | 10.20 | 181.19 | 191.39 | NOTE | |
r-devel-linux-x86_64-debian-gcc | 1.6.5 | 8.33 | 133.05 | 141.38 | NOTE | |
r-devel-linux-x86_64-fedora-clang | 1.6.5 | 234.29 | NOTE | |||
r-devel-linux-x86_64-fedora-gcc | 1.6.5 | 234.18 | NOTE | |||
r-prerel-macos-arm64 | 1.6.5 | 72.00 | NOTE | |||
r-prerel-windows-x86_64 | 1.6.5 | 10.00 | 136.00 | 146.00 | NOTE | |
r-patched-linux-x86_64 | 1.6.5 | 11.01 | 173.35 | 184.36 | NOTE | |
r-release-linux-x86_64 | 1.6.5 | 6.93 | 166.94 | 173.87 | NOTE | |
r-release-macos-arm64 | 1.6.5 | 76.00 | NOTE | |||
r-release-macos-x86_64 | 1.6.5 | 128.00 | NOTE | |||
r-release-windows-x86_64 | 1.6.5 | 13.00 | 173.00 | 186.00 | NOTE | |
r-oldrel-macos-arm64 | 1.6.5 | 83.00 | OK | |||
r-oldrel-windows-x86_64 | 1.6.5 | 13.00 | 171.00 | 184.00 | OK |
Version: 1.6.5
Check: package subdirectories
Result: NOTE
Problems with news in ‘NEWS.md’:
Cannot extract version info from the following section titles:
* Changes all data options to .data to decrease possibility of column naming overlap
Flavors: r-devel-linux-x86_64-debian-clang, r-devel-linux-x86_64-debian-gcc, r-devel-linux-x86_64-fedora-clang, r-devel-linux-x86_64-fedora-gcc, r-prerel-macos-arm64, r-prerel-windows-x86_64, r-patched-linux-x86_64, r-release-linux-x86_64, r-release-macos-arm64, r-release-macos-x86_64, r-release-windows-x86_64