Last updated on 2022-05-19 02:49:12 CEST.
Flavor | Version | Tinstall | Tcheck | Ttotal | Status | Flags |
---|---|---|---|---|---|---|
r-devel-linux-x86_64-debian-clang | 1.6.3 | 18.87 | 104.51 | 123.38 | OK | |
r-devel-linux-x86_64-debian-gcc | 1.6.3 | 16.66 | 78.03 | 94.69 | OK | |
r-devel-linux-x86_64-fedora-clang | 1.6.3 | 147.49 | NOTE | |||
r-devel-linux-x86_64-fedora-gcc | 1.6.3 | 141.73 | NOTE | |||
r-devel-windows-x86_64 | 1.6.3 | 30.00 | 120.00 | 150.00 | OK | |
r-patched-linux-x86_64 | 1.6.3 | 13.15 | 98.83 | 111.98 | OK | |
r-release-linux-x86_64 | 1.6.3 | 13.19 | 97.48 | 110.67 | OK | |
r-release-macos-arm64 | 1.6.3 | 45.00 | NOTE | |||
r-release-macos-x86_64 | 1.6.3 | 73.00 | NOTE | |||
r-release-windows-x86_64 | 1.6.3 | 27.00 | 118.00 | 145.00 | OK | |
r-oldrel-macos-arm64 | 1.6.3 | 57.00 | NOTE | |||
r-oldrel-macos-x86_64 | 1.6.3 | 57.00 | NOTE | |||
r-oldrel-windows-ix86+x86_64 | 1.6.3 | 32.00 | 118.00 | 150.00 | OK |
Version: 1.6.3
Check: dependencies in R code
Result: NOTE
Namespaces in Imports field not imported from:
‘magrittr’ ‘utils’
All declared Imports should be used.
Flavors: r-devel-linux-x86_64-fedora-clang, r-devel-linux-x86_64-fedora-gcc, r-release-macos-arm64, r-release-macos-x86_64, r-oldrel-macos-arm64, r-oldrel-macos-x86_64