Last updated on 2024-03-28 01:53:58 CET.
Flavor | Version | Tinstall | Tcheck | Ttotal | Status | Flags |
---|---|---|---|---|---|---|
r-devel-linux-x86_64-debian-clang | 0.12.2 | 9.99 | 145.61 | 155.60 | OK | |
r-devel-linux-x86_64-debian-gcc | 0.12.2 | 8.55 | 108.35 | 116.90 | OK | |
r-devel-linux-x86_64-fedora-clang | 0.12.2 | 199.52 | OK | |||
r-devel-linux-x86_64-fedora-gcc | 0.12.2 | 203.91 | OK | |||
r-devel-windows-x86_64 | 0.12.2 | 13.00 | 127.00 | 140.00 | OK | |
r-patched-linux-x86_64 | 0.12.2 | 10.46 | 317.57 | 328.03 | NOTE | |
r-release-linux-x86_64 | 0.12.2 | 8.60 | 321.73 | 330.33 | OK | |
r-release-macos-arm64 | 0.12.2 | 114.00 | OK | |||
r-release-macos-x86_64 | 0.12.2 | 184.00 | OK | |||
r-release-windows-x86_64 | 0.12.2 | 15.00 | 262.00 | 277.00 | OK | |
r-oldrel-macos-arm64 | 0.12.2 | 110.00 | OK | |||
r-oldrel-windows-x86_64 | 0.12.2 | 16.00 | 245.00 | 261.00 | OK |
Version: 0.12.2
Check: package dependencies
Result: NOTE
Package suggested but not available for checking: ‘metaBMA’
Flavor: r-patched-linux-x86_64