CRAN Package Check Results for Package ggstatsplot

Last updated on 2022-01-18 01:52:01 CET.

Flavor Version Tinstall Tcheck Ttotal Status Flags
r-devel-linux-x86_64-debian-clang 0.9.0 12.02 219.30 231.32 OK
r-devel-linux-x86_64-debian-gcc 0.9.1 7.50 153.37 160.87 OK
r-devel-linux-x86_64-fedora-clang 0.9.1 252.81 OK
r-devel-linux-x86_64-fedora-gcc 0.9.1 242.85 OK
r-devel-windows-x86_64-new-UL 0.9.1 336.00 204.00 540.00 OK
r-devel-windows-x86_64-new-TK 0.9.0 NOTE
r-patched-linux-x86_64 0.9.0 9.69 211.53 221.22 OK
r-release-linux-x86_64 0.9.1 OK
r-release-macos-arm64 0.9.1 OK
r-release-macos-x86_64 0.9.1 OK
r-release-windows-ix86+x86_64 0.9.0 35.00 221.00 256.00 OK
r-oldrel-macos-x86_64 0.9.0 NOTE
r-oldrel-windows-ix86+x86_64 0.9.0 34.00 220.00 254.00 OK

Check Details

Version: 0.9.0
Check: package dependencies
Result: NOTE
    Package suggested but not available for checking: 'afex'
Flavor: r-devel-windows-x86_64-new-TK

Version: 0.9.0
Check: dependencies in R code
Result: NOTE
    Namespace in Imports field not imported from: 'datawizard'
     All declared Imports should be used.
Flavors: r-devel-windows-x86_64-new-TK, r-oldrel-macos-x86_64