CRAN Package Check Results for Package ggtern

Last updated on 2020-04-05 23:47:26 CEST.

Flavor Version Tinstall Tcheck Ttotal Status Flags
r-devel-linux-x86_64-debian-clang 3.1.0 2.55 3.61 6.16 ERROR
r-devel-linux-x86_64-debian-gcc 3.1.0 0.47 2.76 3.23 ERROR
r-devel-linux-x86_64-fedora-clang 3.1.0 7.10 ERROR
r-devel-linux-x86_64-fedora-gcc 3.1.0 6.64 ERROR
r-devel-windows-ix86+x86_64 3.1.0 4.00 6.00 10.00 ERROR
r-devel-windows-ix86+x86_64-gcc8 3.1.0 5.00 7.00 12.00 ERROR
r-patched-linux-x86_64 3.1.0 2.01 3.40 5.41 ERROR
r-patched-solaris-x86 3.1.0 10.60 ERROR
r-release-linux-x86_64 3.1.0 2.38 3.31 5.69 ERROR
r-release-windows-ix86+x86_64 3.1.0 4.00 7.00 11.00 ERROR
r-release-osx-x86_64 3.1.0 OK
r-oldrel-windows-ix86+x86_64 3.1.0 5.00 6.00 11.00 ERROR
r-oldrel-osx-x86_64 3.1.0 OK

Check Details

Version: 3.1.0
Check: whether package can be installed
Result: ERROR
    Installation failed.
Flavors: r-devel-linux-x86_64-debian-clang, r-devel-linux-x86_64-debian-gcc, r-devel-linux-x86_64-fedora-clang, r-devel-linux-x86_64-fedora-gcc, r-devel-windows-ix86+x86_64, r-devel-windows-ix86+x86_64-gcc8, r-patched-linux-x86_64, r-patched-solaris-x86, r-release-linux-x86_64, r-release-windows-ix86+x86_64, r-oldrel-windows-ix86+x86_64