CRAN Package Check Results for Package ggtext

Last updated on 2022-06-30 01:49:09 CEST.

Flavor Version Tinstall Tcheck Ttotal Status Flags
r-devel-linux-x86_64-debian-clang 0.1.1 6.43 86.84 93.27 NOTE
r-devel-linux-x86_64-debian-gcc 0.1.1 4.73 63.10 67.83 NOTE
r-devel-linux-x86_64-fedora-clang 0.1.1 117.02 NOTE
r-devel-linux-x86_64-fedora-gcc 0.1.1 114.06 NOTE
r-devel-windows-x86_64 0.1.1 23.00 107.00 130.00 NOTE
r-patched-linux-x86_64 0.1.1 5.19 80.47 85.66 NOTE
r-release-linux-x86_64 0.1.1 5.47 79.22 84.69 NOTE
r-release-macos-arm64 0.1.1 39.00 NOTE
r-release-macos-x86_64 0.1.1 54.00 NOTE
r-release-windows-x86_64 0.1.1 28.00 110.00 138.00 NOTE
r-oldrel-macos-arm64 0.1.1 55.00 NOTE
r-oldrel-macos-x86_64 0.1.1 74.00 NOTE
r-oldrel-windows-ix86+x86_64 0.1.1 17.00 104.00 121.00 NOTE

Check Details

Version: 0.1.1
Check: LazyData
Result: NOTE
     'LazyData' is specified without a 'data' directory
Flavors: r-devel-linux-x86_64-debian-clang, r-devel-linux-x86_64-debian-gcc, r-devel-linux-x86_64-fedora-clang, r-devel-linux-x86_64-fedora-gcc, r-devel-windows-x86_64, r-patched-linux-x86_64, r-release-linux-x86_64, r-release-macos-arm64, r-release-macos-x86_64, r-release-windows-x86_64, r-oldrel-macos-arm64, r-oldrel-macos-x86_64, r-oldrel-windows-ix86+x86_64