CRAN Package Check Results for Package ggwordcloud

Last updated on 2022-05-25 02:52:20 CEST.

Flavor Version Tinstall Tcheck Ttotal Status Flags
r-devel-linux-x86_64-debian-clang 0.5.0 23.62 255.90 279.52 OK
r-devel-linux-x86_64-debian-gcc 0.5.0 18.03 163.83 181.86 OK
r-devel-linux-x86_64-fedora-clang 0.5.0 254.63 NOTE
r-devel-linux-x86_64-fedora-gcc 0.5.0 256.69 NOTE
r-devel-windows-x86_64 0.5.0 47.00 308.00 355.00 OK
r-patched-linux-x86_64 0.5.0 21.35 207.14 228.49 OK
r-release-linux-x86_64 0.5.0 OK
r-release-macos-arm64 0.5.0 148.00 NOTE
r-release-macos-x86_64 0.5.0 192.00 NOTE
r-release-windows-x86_64 0.5.0 39.00 336.00 375.00 OK
r-oldrel-macos-arm64 0.5.0 240.00 NOTE
r-oldrel-macos-x86_64 0.5.0 255.00 NOTE
r-oldrel-windows-ix86+x86_64 0.5.0 62.00 259.00 321.00 OK

Check Details

Version: 0.5.0
Check: data for non-ASCII characters
Result: NOTE
     Note: found 203 marked UTF-8 strings
Flavors: r-devel-linux-x86_64-fedora-clang, r-devel-linux-x86_64-fedora-gcc, r-release-macos-arm64, r-release-macos-x86_64, r-oldrel-macos-arm64, r-oldrel-macos-x86_64