Last updated on 2024-03-28 01:53:58 CET.
Flavor | Version | Tinstall | Tcheck | Ttotal | Status | Flags |
---|---|---|---|---|---|---|
r-devel-linux-x86_64-debian-clang | 0.6.1 | 27.16 | 361.53 | 388.69 | OK | |
r-devel-linux-x86_64-debian-gcc | 0.6.1 | 19.06 | 274.35 | 293.41 | OK | |
r-devel-linux-x86_64-fedora-clang | 0.6.1 | 474.17 | NOTE | |||
r-devel-linux-x86_64-fedora-gcc | 0.6.1 | 483.57 | NOTE | |||
r-devel-windows-x86_64 | 0.6.1 | 23.00 | 317.00 | 340.00 | OK | |
r-patched-linux-x86_64 | 0.6.1 | 26.26 | 350.02 | 376.28 | OK | |
r-release-linux-x86_64 | 0.6.1 | 26.48 | 348.46 | 374.94 | OK | |
r-release-macos-arm64 | 0.6.1 | 131.00 | OK | |||
r-release-macos-x86_64 | 0.6.1 | 267.00 | OK | |||
r-release-windows-x86_64 | 0.6.1 | 30.00 | 387.00 | 417.00 | OK | |
r-oldrel-macos-arm64 | 0.6.1 | 197.00 | OK | |||
r-oldrel-windows-x86_64 | 0.6.1 | 28.00 | 388.00 | 416.00 | OK |
Version: 0.6.1
Check: data for non-ASCII characters
Result: NOTE
Note: found 208 marked UTF-8 strings
Flavors: r-devel-linux-x86_64-fedora-clang, r-devel-linux-x86_64-fedora-gcc