Last updated on 2024-08-16 01:48:19 CEST.
Flavor | Version | Tinstall | Tcheck | Ttotal | Status | Flags |
---|---|---|---|---|---|---|
r-devel-linux-x86_64-debian-clang | 1.0.0 | 2.72 | 23.06 | 25.78 | NOTE | |
r-devel-linux-x86_64-debian-gcc | 1.0.0 | 2.07 | 17.53 | 19.60 | NOTE | |
r-devel-linux-x86_64-fedora-clang | 1.0.0 | 40.38 | OK | |||
r-devel-linux-x86_64-fedora-gcc | 1.0.0 | 38.17 | OK | |||
r-devel-windows-x86_64 | 1.0.0 | 4.00 | 43.00 | 47.00 | NOTE | |
r-patched-linux-x86_64 | 1.0.0 | 5.52 | 22.00 | 27.52 | OK | |
r-release-linux-x86_64 | 1.0.0 | 2.58 | 21.98 | 24.56 | OK | |
r-release-macos-arm64 | 1.0.0 | 18.00 | OK | |||
r-release-macos-x86_64 | 1.0.0 | 24.00 | OK | |||
r-release-windows-x86_64 | 1.0.0 | 4.00 | 49.00 | 53.00 | OK | |
r-oldrel-macos-arm64 | 1.0.0 | 22.00 | OK | |||
r-oldrel-macos-x86_64 | 1.0.0 | 24.00 | OK | |||
r-oldrel-windows-x86_64 | 1.0.0 | 5.00 | 46.00 | 51.00 | OK |
Version: 1.0.0
Check: Rd cross-references
Result: NOTE
Found the following Rd file(s) with Rd \link{} targets missing package
anchors:
ghapps.Rd: gh
Please provide package anchors for all Rd \link{} targets not in the
package itself and the base packages.
Flavors: r-devel-linux-x86_64-debian-clang, r-devel-linux-x86_64-debian-gcc, r-devel-windows-x86_64