Last updated on 2024-04-24 01:52:11 CEST.
Flavor | Version | Tinstall | Tcheck | Ttotal | Status | Flags |
---|---|---|---|---|---|---|
r-devel-linux-x86_64-debian-clang | 1.2.2 | 22.78 | 319.51 | 342.29 | NOTE | |
r-devel-linux-x86_64-debian-gcc | 1.2.2 | 23.77 | 221.86 | 245.63 | NOTE | |
r-devel-linux-x86_64-fedora-clang | 1.2.2 | 420.71 | NOTE | |||
r-devel-linux-x86_64-fedora-gcc | 1.2.2 | 416.56 | NOTE | |||
r-prerel-macos-arm64 | 1.2.2 | 91.00 | NOTE | |||
r-prerel-windows-x86_64 | 1.2.2 | 25.00 | 194.00 | 219.00 | NOTE | |
r-patched-linux-x86_64 | 1.2.2 | 33.49 | 295.12 | 328.61 | NOTE | |
r-release-linux-x86_64 | 1.2.2 | 30.53 | 291.30 | 321.83 | OK | |
r-release-macos-arm64 | 1.2.2 | 95.00 | OK | |||
r-release-macos-x86_64 | 1.2.2 | 172.00 | OK | |||
r-release-windows-x86_64 | 1.2.2 | 36.00 | 259.00 | 295.00 | OK | |
r-oldrel-macos-arm64 | 1.2.2 | 84.00 | OK | |||
r-oldrel-windows-x86_64 | 1.2.2 | 36.00 | 249.00 | 285.00 | OK |
Version: 1.2.2
Check: Rd files
Result: NOTE
checkRd: (-1) significantTau.Rd:48-51: Lost braces in \itemize; \value handles \item{}{} directly
checkRd: (-1) significantTau.Rd:52-53: Lost braces in \itemize; \value handles \item{}{} directly
Flavors: r-devel-linux-x86_64-debian-clang, r-devel-linux-x86_64-debian-gcc, r-devel-linux-x86_64-fedora-clang, r-devel-linux-x86_64-fedora-gcc, r-prerel-macos-arm64, r-prerel-windows-x86_64, r-patched-linux-x86_64