CRAN Package Check Results for Package giphyr

Last updated on 2022-01-17 01:48:23 CET.

Flavor Version Tinstall Tcheck Ttotal Status Flags
r-devel-linux-x86_64-debian-clang 0.2.0 5.14 59.06 64.20 NOTE
r-devel-linux-x86_64-debian-gcc 0.2.0 4.09 45.10 49.19 NOTE
r-devel-linux-x86_64-fedora-clang 0.2.0 80.02 NOTE
r-devel-linux-x86_64-fedora-gcc 0.2.0 66.41 NOTE
r-devel-windows-x86_64-new-UL 0.2.0 26.00 80.00 106.00 NOTE
r-devel-windows-x86_64-new-TK 0.2.0 NOTE
r-patched-linux-x86_64 0.2.0 5.04 56.61 61.65 NOTE
r-release-linux-x86_64 0.2.0 NOTE
r-release-macos-arm64 0.2.0 NOTE
r-release-macos-x86_64 0.2.0 NOTE
r-release-windows-ix86+x86_64 0.2.0 14.00 70.00 84.00 NOTE
r-oldrel-macos-x86_64 0.2.0 OK
r-oldrel-windows-ix86+x86_64 0.2.0 15.00 72.00 87.00 OK

Check Details

Version: 0.2.0
Check: LazyData
Result: NOTE
     'LazyData' is specified without a 'data' directory
Flavors: r-devel-linux-x86_64-debian-clang, r-devel-linux-x86_64-debian-gcc, r-devel-linux-x86_64-fedora-clang, r-devel-linux-x86_64-fedora-gcc, r-devel-windows-x86_64-new-UL, r-devel-windows-x86_64-new-TK, r-patched-linux-x86_64, r-release-linux-x86_64, r-release-macos-arm64, r-release-macos-x86_64, r-release-windows-ix86+x86_64