CRAN Package Check Results for Package glancedata

Last updated on 2022-01-27 08:49:14 CET.

Flavor Version Tinstall Tcheck Ttotal Status Flags
r-devel-linux-x86_64-debian-clang 1.0.1 5.39 95.03 100.42 NOTE
r-devel-linux-x86_64-debian-gcc 1.0.1 4.79 71.46 76.25 NOTE
r-devel-linux-x86_64-fedora-clang 1.0.1 120.89 NOTE
r-devel-linux-x86_64-fedora-gcc 1.0.1 108.95 NOTE
r-devel-windows-x86_64-new-UL 1.0.1 43.00 123.00 166.00 NOTE
r-devel-windows-x86_64-new-TK 1.0.1 NOTE
r-patched-linux-x86_64 1.0.1 6.19 79.00 85.19 NOTE
r-release-linux-x86_64 1.0.1 5.65 77.61 83.26 NOTE
r-release-macos-arm64 1.0.1 NOTE
r-release-macos-x86_64 1.0.1 NOTE
r-release-windows-ix86+x86_64 1.0.1 15.00 96.00 111.00 NOTE
r-oldrel-macos-x86_64 1.0.1 OK
r-oldrel-windows-ix86+x86_64 1.0.1 15.00 98.00 113.00 OK

Check Details

Version: 1.0.1
Check: LazyData
Result: NOTE
     'LazyData' is specified without a 'data' directory
Flavors: r-devel-linux-x86_64-debian-clang, r-devel-linux-x86_64-debian-gcc, r-devel-linux-x86_64-fedora-clang, r-devel-linux-x86_64-fedora-gcc, r-devel-windows-x86_64-new-UL, r-devel-windows-x86_64-new-TK, r-patched-linux-x86_64, r-release-linux-x86_64, r-release-macos-arm64, r-release-macos-x86_64, r-release-windows-ix86+x86_64