Last updated on 2024-04-24 01:52:11 CEST.
Flavor | Version | Tinstall | Tcheck | Ttotal | Status | Flags |
---|---|---|---|---|---|---|
r-devel-linux-x86_64-debian-clang | 1.2.4 | 38.48 | 122.49 | 160.97 | OK | |
r-devel-linux-x86_64-debian-gcc | 1.2.4 | 49.96 | 81.99 | 131.95 | OK | |
r-devel-linux-x86_64-fedora-clang | 1.2.4 | 241.50 | OK | |||
r-devel-linux-x86_64-fedora-gcc | 1.2.4 | 236.61 | OK | |||
r-prerel-macos-arm64 | 1.2.4 | 83.00 | OK | |||
r-prerel-macos-x86_64 | 1.2.4 | 209.00 | OK | |||
r-prerel-windows-x86_64 | 1.2.4 | 58.00 | 114.00 | 172.00 | OK | |
r-patched-linux-x86_64 | 1.2.2 | 0.23 | 2.41 | 2.64 | ERROR | |
r-release-linux-x86_64 | 1.2.4 | 40.74 | 102.95 | 143.69 | OK | |
r-release-macos-arm64 | 1.2.4 | 90.00 | OK | |||
r-release-macos-x86_64 | 1.2.4 | 176.00 | OK | |||
r-release-windows-x86_64 | 1.2.4 | 75.00 | 115.00 | 190.00 | OK | |
r-oldrel-macos-arm64 | 1.2.4 | 92.00 | OK | |||
r-oldrel-windows-x86_64 | 1.2.4 | 53.00 | 116.00 | 169.00 | OK |
Version: 1.2.2
Check: whether package can be installed
Result: ERROR
Installation failed.
Flavor: r-patched-linux-x86_64