Last updated on 2022-07-04 02:53:32 CEST.
Flavor | Version | Tinstall | Tcheck | Ttotal | Status | Flags |
---|---|---|---|---|---|---|
r-devel-linux-x86_64-debian-clang | 1.3.1 | 282.15 | 284.96 | 567.11 | OK | |
r-devel-linux-x86_64-debian-gcc | 1.3.1 | 239.78 | 208.94 | 448.72 | OK | |
r-devel-linux-x86_64-fedora-clang | 1.3.1 | 736.32 | NOTE | |||
r-devel-linux-x86_64-fedora-gcc | 1.3.1 | 770.02 | OK | |||
r-devel-windows-x86_64 | 1.3.1 | 153.00 | 295.00 | 448.00 | NOTE | |
r-patched-linux-x86_64 | 1.3.1 | 242.87 | 246.22 | 489.09 | OK | |
r-release-linux-x86_64 | 1.3.1 | 255.63 | 249.03 | 504.66 | OK | |
r-release-macos-arm64 | 1.3.1 | 164.00 | NOTE | |||
r-release-macos-x86_64 | 1.3.1 | 217.00 | NOTE | |||
r-release-windows-x86_64 | 1.3.1 | 167.00 | 333.00 | 500.00 | NOTE | |
r-oldrel-macos-arm64 | 1.3.1 | 182.00 | NOTE | |||
r-oldrel-macos-x86_64 | 1.3.1 | 204.00 | NOTE | |||
r-oldrel-windows-ix86+x86_64 | 1.3.1 | 511.00 | 489.00 | 1000.00 | NOTE |
Version: 1.3.1
Check: installed package size
Result: NOTE
installed size is 85.2Mb
sub-directories of 1Mb or more:
libs 84.4Mb
Flavors: r-devel-linux-x86_64-fedora-clang, r-devel-windows-x86_64, r-release-macos-arm64, r-release-macos-x86_64, r-release-windows-x86_64, r-oldrel-macos-arm64, r-oldrel-macos-x86_64, r-oldrel-windows-ix86+x86_64