Last updated on 2024-05-02 01:57:00 CEST.
Flavor | Version | Tinstall | Tcheck | Ttotal | Status | Flags |
---|---|---|---|---|---|---|
r-devel-linux-x86_64-debian-clang | 0.5-1 | 2.10 | 56.14 | 58.24 | NOTE | |
r-devel-linux-x86_64-debian-gcc | 0.5-1 | 1.90 | 39.96 | 41.86 | NOTE | |
r-devel-linux-x86_64-fedora-clang | 0.5-1 | 71.69 | NOTE | |||
r-devel-linux-x86_64-fedora-gcc | 0.5-1 | 67.50 | NOTE | |||
r-devel-windows-x86_64 | 0.5-1 | 3.00 | 60.00 | 63.00 | NOTE | |
r-patched-linux-x86_64 | 0.5-1 | 1.87 | 52.51 | 54.38 | NOTE | |
r-release-linux-x86_64 | 0.5-1 | 2.22 | 52.95 | 55.17 | NOTE | |
r-release-macos-arm64 | 0.5-1 | 24.00 | NOTE | |||
r-release-windows-x86_64 | 0.5-1 | 3.00 | 61.00 | 64.00 | NOTE | |
r-oldrel-macos-arm64 | 0.5-1 | 27.00 | OK | |||
r-oldrel-macos-x86_64 | 0.5-1 | 39.00 | OK | |||
r-oldrel-windows-x86_64 | 0.5-1 | 3.00 | 63.00 | 66.00 | OK |
Version: 0.5-1
Check: Rd files
Result: NOTE
checkRd: (-1) NEWS.Rd:16: Lost braces; missing escapes or markup?
16 | \item Now \code{AICc == Inf} when {n <= p + 1}.
| ^
Flavors: r-devel-linux-x86_64-debian-clang, r-devel-linux-x86_64-debian-gcc, r-devel-linux-x86_64-fedora-clang, r-devel-linux-x86_64-fedora-gcc, r-devel-windows-x86_64, r-patched-linux-x86_64, r-release-linux-x86_64, r-release-macos-arm64, r-release-windows-x86_64