Last updated on 2024-03-28 01:53:58 CET.
Flavor | Version | Tinstall | Tcheck | Ttotal | Status | Flags |
---|---|---|---|---|---|---|
r-devel-linux-x86_64-debian-clang | 0.3-1 | 6.44 | 81.24 | 87.68 | NOTE | |
r-devel-linux-x86_64-debian-gcc | 0.3-1 | 6.99 | 62.84 | 69.83 | NOTE | |
r-devel-linux-x86_64-fedora-clang | 0.3-1 | 115.07 | NOTE | |||
r-devel-linux-x86_64-fedora-gcc | 0.3-1 | 112.07 | NOTE | |||
r-devel-windows-x86_64 | 0.3-1 | 8.00 | 82.00 | 90.00 | NOTE | |
r-patched-linux-x86_64 | 0.3-1 | 8.95 | 82.37 | 91.32 | NOTE | |
r-release-linux-x86_64 | 0.3-1 | 9.95 | 81.52 | 91.47 | NOTE | |
r-release-macos-arm64 | 0.3-1 | 42.00 | NOTE | |||
r-release-macos-x86_64 | 0.3-1 | 62.00 | NOTE | |||
r-release-windows-x86_64 | 0.3-1 | 10.00 | 93.00 | 103.00 | NOTE | |
r-oldrel-macos-arm64 | 0.3-1 | 52.00 | OK | |||
r-oldrel-windows-x86_64 | 0.3-1 | 11.00 | 95.00 | 106.00 | OK |
Version: 0.3-1
Check: Rd files
Result: NOTE
checkRd: (-1) glmc.Rd:232: Escaped LaTeX specials: \&
checkRd: (-1) glmc.Rd:241: Escaped LaTeX specials: \&
checkRd: (-1) glmc.control.Rd:29: Escaped LaTeX specials: \$
checkRd: (-1) glmc.control.Rd:31: Escaped LaTeX specials: \$
checkRd: (-1) glmc.summaries.Rd:79: Escaped LaTeX specials: \&
Flavors: r-devel-linux-x86_64-debian-clang, r-devel-linux-x86_64-debian-gcc, r-devel-linux-x86_64-fedora-clang, r-devel-linux-x86_64-fedora-gcc, r-devel-windows-x86_64, r-patched-linux-x86_64, r-release-linux-x86_64, r-release-macos-arm64, r-release-macos-x86_64, r-release-windows-x86_64