Last updated on 2025-07-24 02:52:14 CEST.
Flavor | Version | Tinstall | Tcheck | Ttotal | Status | Flags |
---|---|---|---|---|---|---|
r-devel-linux-x86_64-debian-clang | 1.5.4.8 | 430.91 | 190.95 | 621.86 | OK | |
r-devel-linux-x86_64-debian-gcc | 1.5.4.8 | 394.27 | 154.52 | 548.79 | OK | |
r-devel-linux-x86_64-fedora-clang | 1.5.4.8 | 1003.55 | NOTE | |||
r-devel-linux-x86_64-fedora-gcc | 1.5.4.8 | 1176.19 | NOTE | |||
r-devel-windows-x86_64 | 1.5.4.8 | 508.00 | 215.00 | 723.00 | OK | |
r-patched-linux-x86_64 | 1.5.4.8 | 514.10 | 213.82 | 727.92 | OK | |
r-release-linux-x86_64 | 1.5.4.8 | 506.49 | 213.63 | 720.12 | OK | |
r-release-macos-arm64 | 1.5.4.8 | 237.00 | OK | |||
r-release-macos-x86_64 | 1.5.4.8 | 302.00 | OK | |||
r-release-windows-x86_64 | 1.5.4.8 | 514.00 | 226.00 | 740.00 | OK | |
r-oldrel-macos-arm64 | 1.5.4.8 | 131.00 | NOTE | |||
r-oldrel-macos-x86_64 | 1.5.4.8 | 148.00 | NOTE | |||
r-oldrel-windows-x86_64 | 1.5.4.8 | 575.00 | 276.00 | 851.00 | NOTE |
Version: 1.5.4.8
Check: dependencies in R code
Result: NOTE
Namespace in Imports field not imported from: ‘rstantools’
All declared Imports should be used.
Flavors: r-devel-linux-x86_64-fedora-clang, r-devel-linux-x86_64-fedora-gcc
Version: 1.5.4.8
Check: installed package size
Result: NOTE
installed size is 67.4Mb
sub-directories of 1Mb or more:
libs 66.2Mb
Flavors: r-oldrel-macos-arm64, r-oldrel-macos-x86_64
Version: 1.5.4.8
Check: for GNU extensions in Makefiles
Result: NOTE
GNU make is a SystemRequirements.
Flavors: r-oldrel-macos-arm64, r-oldrel-macos-x86_64, r-oldrel-windows-x86_64