Last updated on 2024-04-24 01:52:11 CEST.
Flavor | Version | Tinstall | Tcheck | Ttotal | Status | Flags |
---|---|---|---|---|---|---|
r-devel-linux-x86_64-debian-clang | 1.5.4.4 | 643.73 | 242.28 | 886.01 | NOTE | |
r-devel-linux-x86_64-debian-gcc | 1.5.4.4 | 549.26 | 198.98 | 748.24 | NOTE | |
r-devel-linux-x86_64-fedora-clang | 1.5.4.4 | 772.96 | NOTE | |||
r-devel-linux-x86_64-fedora-gcc | 1.5.4.4 | 877.72 | NOTE | |||
r-prerel-macos-arm64 | 1.5.4.4 | 238.00 | NOTE | |||
r-prerel-windows-x86_64 | 1.5.4.4 | 505.00 | 207.00 | 712.00 | NOTE | |
r-patched-linux-x86_64 | 1.5.4.4 | 540.11 | 262.91 | 803.02 | NOTE | |
r-release-linux-x86_64 | 1.5.4.4 | 635.82 | 263.05 | 898.87 | NOTE | |
r-release-macos-arm64 | 1.5.4.4 | 227.00 | NOTE | |||
r-release-macos-x86_64 | 1.5.4.4 | 320.00 | NOTE | |||
r-release-windows-x86_64 | 1.5.4.4 | 613.00 | 255.00 | 868.00 | NOTE | |
r-oldrel-macos-arm64 | 1.5.4.4 | 207.00 | NOTE | |||
r-oldrel-windows-x86_64 | 1.5.4.4 | 601.00 | 247.00 | 848.00 | NOTE |
Version: 1.5.4.4
Check: for GNU extensions in Makefiles
Result: NOTE
GNU make is a SystemRequirements.
Flavors: r-devel-linux-x86_64-debian-clang, r-devel-linux-x86_64-debian-gcc, r-devel-linux-x86_64-fedora-clang, r-devel-linux-x86_64-fedora-gcc, r-prerel-macos-arm64, r-prerel-windows-x86_64, r-patched-linux-x86_64, r-release-linux-x86_64, r-release-macos-arm64, r-release-macos-x86_64, r-release-windows-x86_64, r-oldrel-macos-arm64, r-oldrel-windows-x86_64
Version: 1.5.4.4
Check: installed package size
Result: NOTE
installed size is 5.2Mb
sub-directories of 1Mb or more:
libs 4.0Mb
Flavors: r-devel-linux-x86_64-fedora-clang, r-prerel-macos-arm64, r-release-macos-arm64, r-release-macos-x86_64, r-oldrel-macos-arm64
Version: 1.5.4.4
Check: dependencies in R code
Result: NOTE
Namespace in Imports field not imported from: ‘rstantools’
All declared Imports should be used.
Flavors: r-devel-linux-x86_64-fedora-clang, r-devel-linux-x86_64-fedora-gcc