Last updated on 2022-06-27 01:49:52 CEST.
Flavor | Version | Tinstall | Tcheck | Ttotal | Status | Flags |
---|---|---|---|---|---|---|
r-devel-linux-x86_64-debian-clang | 1.1.3 | 249.44 | 297.59 | 547.03 | OK | |
r-devel-linux-x86_64-debian-gcc | 1.1.3 | 161.77 | 226.64 | 388.41 | OK | |
r-devel-linux-x86_64-fedora-clang | 1.1.3 | 734.04 | NOTE | |||
r-devel-linux-x86_64-fedora-gcc | 1.1.3 | 649.34 | OK | |||
r-devel-windows-x86_64 | 1.1.3 | 162.00 | 314.00 | 476.00 | NOTE | --no-vignettes |
r-patched-linux-x86_64 | 1.1.3 | 175.23 | 291.68 | 466.91 | OK | |
r-release-linux-x86_64 | 1.1.3 | 159.62 | 294.04 | 453.66 | OK | |
r-release-macos-arm64 | 1.1.3 | 189.00 | NOTE | |||
r-release-macos-x86_64 | 1.1.3 | 310.00 | NOTE | |||
r-release-windows-x86_64 | 1.1.3 | 160.00 | 610.00 | 770.00 | NOTE | --no-vignettes |
r-oldrel-macos-arm64 | 1.1.3 | 212.00 | NOTE | |||
r-oldrel-macos-x86_64 | 1.1.3 | 244.00 | NOTE | |||
r-oldrel-windows-ix86+x86_64 | 1.1.3 | 349.00 | 467.00 | 816.00 | NOTE | --no-vignettes |
Version: 1.1.3
Check: installed package size
Result: NOTE
installed size is 45.9Mb
sub-directories of 1Mb or more:
libs 41.0Mb
test_data 2.2Mb
vignette_data 1.1Mb
Flavors: r-devel-linux-x86_64-fedora-clang, r-release-macos-arm64, r-release-macos-x86_64, r-oldrel-macos-arm64, r-oldrel-macos-x86_64
Version: 1.1.3
Flags: --no-vignettes
Check: installed package size
Result: NOTE
installed size is 18.7Mb
sub-directories of 1Mb or more:
libs 13.9Mb
test_data 2.2Mb
vignette_data 1.1Mb
Flavors: r-devel-windows-x86_64, r-release-windows-x86_64, r-oldrel-windows-ix86+x86_64