Last updated on 2024-04-24 01:52:11 CEST.
Flavor | Version | Tinstall | Tcheck | Ttotal | Status | Flags |
---|---|---|---|---|---|---|
r-devel-linux-x86_64-debian-clang | 4.1-8 | 143.79 | 291.42 | 435.21 | OK | |
r-devel-linux-x86_64-debian-gcc | 4.1-8 | 123.23 | 222.56 | 345.79 | OK | |
r-devel-linux-x86_64-fedora-clang | 4.1-8 | 549.12 | OK | |||
r-devel-linux-x86_64-fedora-gcc | 4.1-8 | 627.70 | OK | |||
r-prerel-macos-arm64 | 4.1-8 | 150.00 | NOTE | |||
r-prerel-windows-x86_64 | 4.1-8 | 101.00 | 387.00 | 488.00 | OK | |
r-patched-linux-x86_64 | 4.1-8 | 154.22 | 285.76 | 439.98 | OK | |
r-release-linux-x86_64 | 4.1-8 | 149.04 | 288.55 | 437.59 | OK | |
r-release-macos-arm64 | 4.1-8 | 173.00 | NOTE | |||
r-release-macos-x86_64 | 4.1-8 | 318.00 | NOTE | |||
r-release-windows-x86_64 | 4.1-8 | 126.00 | 409.00 | 535.00 | OK | |
r-oldrel-macos-arm64 | 4.1-8 | 131.00 | NOTE | |||
r-oldrel-windows-x86_64 | 4.1-8 | 122.00 | 387.00 | 509.00 | OK |
Version: 4.1-8
Check: installed package size
Result: NOTE
installed size is 33.6Mb
sub-directories of 1Mb or more:
libs 31.7Mb
Flavors: r-prerel-macos-arm64, r-release-macos-arm64, r-release-macos-x86_64, r-oldrel-macos-arm64