Last updated on 2023-06-06 01:54:03 CEST.
Flavor | Version | Tinstall | Tcheck | Ttotal | Status | Flags |
---|---|---|---|---|---|---|
r-devel-linux-x86_64-debian-clang | 0.11.0 | 40.01 | 69.10 | 109.11 | OK | |
r-devel-linux-x86_64-debian-gcc | 0.11.0 | 32.64 | 52.52 | 85.16 | OK | |
r-devel-linux-x86_64-fedora-clang | 0.11.0 | 151.84 | OK | |||
r-devel-linux-x86_64-fedora-gcc | 0.11.0 | 156.44 | OK | |||
r-devel-windows-x86_64 | 0.11.0 | 35.00 | 92.00 | 127.00 | OK | |
r-patched-linux-x86_64 | 0.11.0 | 36.00 | 70.35 | 106.35 | OK | |
r-release-linux-x86_64 | 0.11.0 | 35.55 | 65.97 | 101.52 | OK | |
r-release-macos-arm64 | 0.11.0 | 51.00 | NOTE | |||
r-release-macos-x86_64 | 0.11.0 | 78.00 | NOTE | |||
r-release-windows-x86_64 | 0.11.0 | 42.00 | 108.00 | 150.00 | OK | |
r-oldrel-macos-arm64 | 0.11.0 | 47.00 | NOTE | |||
r-oldrel-macos-x86_64 | 0.11.0 | 62.00 | NOTE | |||
r-oldrel-windows-x86_64 | 0.11.0 | 38.00 | 106.00 | 144.00 | OK |
Version: 0.11.0
Check: installed package size
Result: NOTE
installed size is 12.1Mb
sub-directories of 1Mb or more:
doc 1.3Mb
libs 10.4Mb
Flavors: r-release-macos-arm64, r-release-macos-x86_64, r-oldrel-macos-arm64, r-oldrel-macos-x86_64